{"id":16,"date":"2016-09-08T17:46:04","date_gmt":"2016-09-08T17:46:04","guid":{"rendered":"https:\/\/palotina.ufpr.br\/dzootecnia\/?page_id=16"},"modified":"2023-07-29T01:20:05","modified_gmt":"2023-07-29T01:20:05","slug":"comissoes-cargos","status":"publish","type":"page","link":"https:\/\/palotina.ufpr.br\/dzo\/comissoes-cargos\/","title":{"rendered":"CARGOS E COMISS\u00d5ES"},"content":{"rendered":"\n<h2 class=\"wp-block-heading\">* <strong>Colegiados<\/strong><\/h2>\n\n\n\n<figure class=\"wp-block-table\"><table><tbody><tr><td class=\"has-text-align-center\" data-align=\"center\"><strong><strong>Curso Engenharia de <strong>Aquicultura<\/strong><\/strong><\/strong><br><strong><a rel=\"noreferrer noopener\" href=\"https:\/\/palotina.ufpr.br\/wp-content\/uploads\/2023\/04\/1327.2023-Colegiado-de-Engenharia-de-Aquicultura.pdf\" target=\"_blank\">PORTARIA N\u00ba 1327\/2023-PL<\/a><\/strong>        <br><strong>v\u00e1lida at\u00e9 20\/03\/2025<\/strong><\/td><td class=\"has-text-align-center\" data-align=\"center\">Titular: Lilian Carolina Rosa da Silva \/ Suplente: Prof Dr Leandro Portz<br>Titular:&nbsp; Prof Dr Eduardo Lu\u00eds Cupertino Ballester\/ Suplente: Prof Dr Alexandre Leseur dos Santos<\/td><\/tr><tr><td class=\"has-text-align-center\" data-align=\"center\"><strong><strong>Curso de Agronomia<\/strong><\/strong><br><a rel=\"noreferrer noopener\" href=\"https:\/\/palotina.ufpr.br\/wp-content\/uploads\/2021\/01\/1118.2021-Colegiado-do-Curso-de-Agronomia.pdf\" target=\"_blank\"><strong>PORTARIA N\u00ba 1118\/2021-PL<\/strong><\/a>  <br>    <strong>v\u00e1lida at\u00e9 02\/06\/2023<\/strong><\/td><td class=\"has-text-align-center\" data-align=\"center\">Titular: Prof Dr Willian Gon\u00e7alves do Nascimento<br>Suplente:&nbsp;Prof Dr \u00c1lvaro Jos\u00e9 de Almeida Bicudo<\/td><\/tr><tr><td class=\"has-text-align-center\" data-align=\"center\"><strong><strong>Curso Medicina Veterin\u00e1ria<\/strong><\/strong><br><strong><a rel=\"noreferrer noopener\" href=\"https:\/\/palotina.ufpr.br\/wp-content\/uploads\/2023\/02\/1317.2023-Colegiado-Medicina-Veterinaria.pdf\" target=\"_blank\">PORTARIA N\u00ba 1317\/2023-PL<\/a><\/strong><br><strong>v\u00e1lida at\u00e9 08\/02\/2025<\/strong><\/td><td class=\"has-text-align-center\" data-align=\"center\">Titular: Profa. Dra. Jovanir In\u00eas M\u00fcller Fernandes<br>Suplente: Prof. Dr.&nbsp;Jos\u00e9 Antonio de Freitas<\/td><\/tr><\/tbody><\/table><\/figure>\n\n\n\n<h2 class=\"wp-block-heading\"><strong>*Comiss\u00f5es<\/strong><\/h2>\n\n\n\n<figure class=\"wp-block-table\"><table><tbody><tr><td class=\"has-text-align-center\" data-align=\"center\"><strong>\u00c9tica no Uso de Animais \u2013 CEUA\/Palotina<br><a rel=\"noreferrer noopener\" href=\"https:\/\/palotina.ufpr.br\/wp-content\/uploads\/2023\/02\/1308.2023-CEUA-retificada.pdf\" target=\"_blank\">PORTARIA N\u00ba 1308\/2023-PL<\/a><br>v\u00e1lida at\u00e9 18\/01\/2025<\/strong><\/td><td class=\"has-text-align-center\" data-align=\"center\">Titular: Prof\u00aa Dr\u00aa Karla dos Santos Felssner<br>Suplente: Prof Dr&nbsp;Leandro Portz<\/td><\/tr><tr><td class=\"has-text-align-center\" data-align=\"center\"><strong>Monitoria \u2013 Setor Palotina<br><a rel=\"noreferrer noopener\" href=\"https:\/\/palotina.ufpr.br\/wp-content\/uploads\/2021\/01\/1085.2021-Comit%C3%AA-Setorial-de-Monitoria.pdf\" target=\"_blank\">PORTARIA N\u00ba 1085\/2021-SP<\/a><br>v\u00e1lida at\u00e9 03\/03\/2023<\/strong><\/td><td class=\"has-text-align-center\" data-align=\"center\">Titular: Prof Dr Willian Gon\u00e7alves do Nascimento<br>Suplente:&nbsp;Prof\u00aa Dr\u00aa Lilian Carolina Rosa da Silva<\/td><\/tr><tr><td class=\"has-text-align-center\" data-align=\"center\"><strong>N\u00facleo Docente Estruturante (NDE)<br>Curso Engenharia de <strong>Aquicultura<\/strong><br><a rel=\"noreferrer noopener\" href=\"https:\/\/palotina.ufpr.br\/wp-content\/uploads\/2022\/09\/1273.2022-NDE-do-Curso-de-Engenharia-de-Aquicultura.pdf\" target=\"_blank\">PORTARIA N\u00ba 1273\/2022-SP<\/a><br>v\u00e1lida at\u00e9 05\/09\/2024<\/strong><\/td><td class=\"has-text-align-center\" data-align=\"center\">Prof Dr&nbsp;Andr\u00e9 Muniz Afonso<br>Prof Dr Eduardo Lu\u00eds Cupertino Ballester<br>Prof Dr \u00c1lvaro Jos\u00e9 de Almeida Bicudo<br>Prof Dr Alexandre Leseur dos Santos<\/td><\/tr><tr><td class=\"has-text-align-center\" data-align=\"center\"><strong>N\u00facleo Docente Estruturante (NDE)<br>Curso Medicina Veterin\u00e1ria<br><a rel=\"noreferrer noopener\" href=\"https:\/\/palotina.ufpr.br\/wp-content\/uploads\/2022\/07\/1237.2022-RETIFICA-NDE-do-Curso-de-Medicina-Veterinaria.pdf\" target=\"_blank\">PORTARIA N\u00ba 1237\/2022-PL<\/a><br>v\u00e1lida at\u00e9 14\/07\/2025<\/strong><\/td><td class=\"has-text-align-center\" data-align=\"center\">Prof Dr Alexandre Leseur dos Santos (T\u00edtular)<br>Prof\u00aa Dr\u00aa Karla dos Santos Felssner (Suplente)<br>Prof Dr Willian Gon\u00e7alves do Nascimento (T\u00edtular)<br>Prof Dr&nbsp;Leandro Portz (Suplente)<\/td><\/tr><tr><td class=\"has-text-align-center\" data-align=\"center\"><strong>Comiss\u00e3o Orientadora de Est\u00e1gio \u2013 COE<\/strong><br><strong>Curso Engenharia de Aquicultura<\/strong><br><strong><a rel=\"noreferrer noopener\" href=\"https:\/\/palotina.ufpr.br\/wp-content\/uploads\/2023\/06\/1337.2023-Comissao-Orientadora-de-Estagio-COE-do-Curso-de-Engenharia-de-Aquicultura.pdf\" target=\"_blank\">PORTARIA N\u00ba 1337\/2023-PL<\/a><\/strong><br><strong>v\u00e1lida at\u00e9 13\/05\/2025<\/strong><\/td><td class=\"has-text-align-center\" data-align=\"center\">Prof Dr&nbsp;Leandro Portz (T\u00edtular)<br>Prof\u00aa Dr\u00aa&nbsp;Lilian Dena dos Santos (Suplente)<\/td><\/tr><tr><td class=\"has-text-align-center\" data-align=\"center\"><strong>Comiss\u00e3o Orientadora de Est\u00e1gio \u2013 COE<\/strong><br><br><a rel=\"noreferrer noopener\" href=\"https:\/\/palotina.ufpr.br\/wp-content\/uploads\/2023\/04\/1329.2023-COE-do-Curso-de-Medicina-Veterinaria.pdf\" target=\"_blank\"><strong>PORTARIA N\u00ba 1329\/2023-PL<\/strong><\/a><br><strong>v\u00e1lida at\u00e9 02\/03\/2025<\/strong><\/td><td class=\"has-text-align-center\" data-align=\"center\">Prof\u00aa Dr\u00aa Karla dos Santos Felssner<\/td><\/tr><tr><td class=\"has-text-align-center\" data-align=\"center\"><strong>Setorial de Rela\u00e7\u00f5es Internacionais<\/strong><br><a rel=\"noreferrer noopener\" href=\"https:\/\/palotina.ufpr.br\/wp-content\/uploads\/2022\/05\/1214.2022-Comissao-Setorial-de-Relacoes-Internacionais.pdf\" target=\"_blank\"><strong>PORTARIA N\u00ba 1214\/2022-PL<\/strong><\/a><br><strong>v\u00e1lida at\u00e9 12\/05\/2024<\/strong><\/td><td class=\"has-text-align-center\" data-align=\"center\">Prof Dr&nbsp;Leandro Portz<\/td><\/tr><tr><td class=\"has-text-align-center\" data-align=\"center\"><strong>Atividades Formativas<\/strong><br><strong>Curso Engenharia de Aquicultura<\/strong><br><strong><a rel=\"noreferrer noopener\" href=\"https:\/\/palotina.ufpr.br\/wp-content\/uploads\/2023\/02\/1316.2023-Atividades-Formativas-do-Curso-de-Engenharia-de-Aquicultura.pdf\" target=\"_blank\">PORTARIA N\u00ba 1316\/2023-PL<\/a><\/strong><br><strong>v\u00e1lida at\u00e9 08\/02\/2025<\/strong><\/td><td class=\"has-text-align-center\" data-align=\"center\">Prof Dr \u00c1lvaro Jos\u00e9 de Almeida Bicudo<\/td><\/tr><tr><td class=\"has-text-align-center\" data-align=\"center\"><strong>Atividades Formativas<\/strong><br><strong>Curso Medicina Veterin\u00e1ria<\/strong><br><strong><a rel=\"noreferrer noopener\" href=\"https:\/\/palotina.ufpr.br\/wp-content\/uploads\/2021\/01\/1107.2021-Atividades-Formativas-Medicina-Veterin%C3%A1ria.pdf\" target=\"_blank\">PORTARIA N\u00ba 1107\/2021-SP<\/a><\/strong><br><strong>v\u00e1lida at\u00e9 12\/05\/2023<\/strong><\/td><td class=\"has-text-align-center\" data-align=\"center\">Prof Dr Willian Gon\u00e7alves do Nascimento<\/td><\/tr><tr><td class=\"has-text-align-center\" data-align=\"center\"><strong>Comiss\u00e3o Permanente de Pessoal Docente<\/strong><br><a rel=\"noreferrer noopener\" href=\"https:\/\/palotina.ufpr.br\/dzo\/wp-content\/uploads\/sites\/10\/2016\/09\/cppd.pdf\" target=\"_blank\"><strong>PORTARIA N\u00ba 1230\/REITORIA, DE 13 DE DEZEMBRO DE 2019<\/strong><\/a>           <\/td><td class=\"has-text-align-center\" data-align=\"center\">Prof Dr&nbsp;Leandro Portz<br>Representante Palotina &#8211; Associado e Titular<\/td><\/tr><\/tbody><\/table><\/figure>\n\n\n\n<h2 class=\"wp-block-heading\"><strong>*Programa de Orienta\u00e7\u00e3o Acad\u00eamica<\/strong><\/h2>\n\n\n\n<figure class=\"wp-block-table\"><table><tbody><tr><td class=\"has-text-align-center\" data-align=\"center\"><strong><strong>Curso Engenharia de Aquicultura<\/strong><br><a rel=\"noreferrer noopener\" href=\"https:\/\/palotina.ufpr.br\/wp-content\/uploads\/2023\/06\/1338.2023-Programa-de-Orientacao-Academica-do-Curso-de-Engenharia-de-Aquicultura-2.pdf\" target=\"_blank\">PORTARIA N\u00ba 1338\/2023-PL<\/a><\/strong><br><strong>v\u00e1lida at\u00e9 24\/04\/2025<\/strong><\/td><td class=\"has-text-align-center\" data-align=\"center\">Prof\u00aa Dr\u00aa Lilian Carolina Rosa da Silva<\/td><\/tr><tr><td class=\"has-text-align-center\" data-align=\"center\"><strong><strong>Curso Medicina Veterin\u00e1ria<\/strong><br><a rel=\"noreferrer noopener\" href=\"https:\/\/palotina.ufpr.br\/wp-content\/uploads\/2022\/05\/1226.2022-POA-de-Medicina-Veterinaria.pdf\" target=\"_blank\">PORTARIA N\u00ba 1226\/2022-PL<\/a><\/strong><br><strong>v\u00e1lida at\u00e9 30\/05\/202<\/strong>4<\/td><td class=\"has-text-align-center\" data-align=\"center\">Prof Dr&nbsp;Leandro Portz<\/td><\/tr><\/tbody><\/table><\/figure>\n\n\n\n<h2 class=\"wp-block-heading\"><strong>*Comit\u00eas<\/strong><\/h2>\n\n\n\n<figure class=\"wp-block-table\"><table><tbody><tr><td class=\"has-text-align-center\" data-align=\"center\"><strong>Setorial de Extens\u00e3o \u2013 CSE<\/strong><br><strong><a rel=\"noreferrer noopener\" href=\"https:\/\/palotina.ufpr.br\/wp-content\/uploads\/2021\/01\/1175.2021-Comit%C3%AA-Setorial-de-Pesquisa.pdf\" target=\"_blank\">PORTARIA N\u00ba 1175\/2021-PL<\/a><br>v\u00e1lida at\u00e9 31\/01\/2024<\/strong><\/td><td class=\"has-text-align-center\" data-align=\"center\">Prof Dr&nbsp;Leandro Portz (Titular)<br>Prof Dr&nbsp;Andr\u00e9 Muniz Afonso (Suplente)<\/td><\/tr><tr><td class=\"has-text-align-center\" data-align=\"center\"><strong>Setorial de Pesquisa \u2013 CSPq<br><a rel=\"noreferrer noopener\" href=\"https:\/\/palotina.ufpr.br\/wp-content\/uploads\/2022\/07\/1244.2022-Comite-Setorial-de-Pesquisa.pdf\" target=\"_blank\">PORTARIA N\u00ba 1244\/2022-PL<\/a><\/strong><br><\/td><td class=\"has-text-align-center\" data-align=\"center\">Prof\u00aa Dr\u00aa Jovanir In\u00eas M\u00fcller Fernandes (Titular)<br>Prof Dr&nbsp;Jos\u00e9 Ant\u00f4nio de Freitas (Suplente)<\/td><\/tr><\/tbody><\/table><\/figure>\n\n\n\n<h2 class=\"wp-block-heading\"><strong>*Coordena\u00e7\u00f5es<\/strong><\/h2>\n\n\n\n<figure class=\"wp-block-table\"><table><tbody><tr><td class=\"has-text-align-center\" data-align=\"center\"><a href=\"https:\/\/www.prppg.ufpr.br\/site\/ppgca\/pb\/\" target=\"_blank\" rel=\"noreferrer noopener\">Programa de P\u00f3s-Gradua\u00e7\u00e3o Ci\u00eancia Animal<\/a><\/td><td class=\"has-text-align-center\" data-align=\"center\">Prof\u00aa Dr\u00aa  Jovanir In\u00eas M\u00fcller Fernandes (Coordenadora)<\/td><\/tr><tr><td class=\"has-text-align-center\" data-align=\"center\"><a href=\"https:\/\/palotina.ufpr.br\/engenharia-de-aquicultura\/\" target=\"_blank\" rel=\"noreferrer noopener\">Curso de Engenharia de Aquicultura<\/a><\/td><td class=\"has-text-align-center\" data-align=\"center\">Prof. Dr. Andr\u00e9 Muniz Afonso (Vice-coordenador)<\/td><\/tr><tr><td class=\"has-text-align-center\" data-align=\"center\">Fazenda Experimental do Setor Palotina<\/td><td class=\"has-text-align-center\" data-align=\"center\">Prof Dr \u00c1lvaro Jos\u00e9 de Almeida Bicudo (Diretor)<\/td><\/tr><\/tbody><\/table><\/figure>\n\n\n\n<h2 class=\"wp-block-heading\"><strong>*Conselhos<\/strong><\/h2>\n\n\n\n<figure class=\"wp-block-table\"><table><tbody><tr><td class=\"has-text-align-center\" data-align=\"center\"><a rel=\"noreferrer noopener\" href=\"https:\/\/apufpr.org.br\/wp-content\/uploads\/2023\/06\/Conselheiros-eleitos-23-25.pdf\" target=\"_blank\">Representantes da Associa\u00e7\u00e3o dos Professores da UFPR<\/a><a href=\"https:\/\/apufpr.org.br\/wp-content\/uploads\/2023\/06\/Conselheiros-eleitos-23-25.pdf\" target=\"_blank\" rel=\"noreferrer noopener\"> <\/a><a rel=\"noreferrer noopener\" href=\"https:\/\/apufpr.org.br\/wp-content\/uploads\/2023\/06\/Conselheiros-eleitos-23-25.pdf\" target=\"_blank\">(CRAPUFPR)<\/a><\/td><td class=\"has-text-align-center\" data-align=\"center\">Prof Dr&nbsp;Leandro Portz (Titular)<br>Prof Dr Alexandre Leseur dos Santos (Suplente)<\/td><\/tr><\/tbody><\/table><\/figure>\n\n\n<p><\/p>","protected":false},"excerpt":{"rendered":"<p>* Colegiados Curso Engenharia de AquiculturaPORTARIA N\u00ba 1327\/2023-PL v\u00e1lida at\u00e9 20\/03\/2025 Titular: Lilian Carolina Rosa da Silva \/ Suplente: Prof Dr Leandro PortzTitular:&nbsp; Prof Dr Eduardo Lu\u00eds Cupertino Ballester\/ Suplente: Prof Dr Alexandre Leseur dos Santos Curso de AgronomiaPORTARIA N\u00ba 1118\/2021-PL v\u00e1lida at\u00e9 02\/06\/2023 Titular: Prof Dr Willian Gon\u00e7alves do NascimentoSuplente:&nbsp;Prof Dr \u00c1lvaro Jos\u00e9 de [&hellip;]<\/p>\n","protected":false},"author":1411,"featured_media":0,"parent":0,"menu_order":0,"comment_status":"closed","ping_status":"closed","template":"","meta":{"_acf_changed":false,"footnotes":""},"class_list":["post-16","page","type-page","status-publish","hentry"],"acf":[],"_links":{"self":[{"href":"https:\/\/palotina.ufpr.br\/dzo\/wp-json\/wp\/v2\/pages\/16","targetHints":{"allow":["GET"]}}],"collection":[{"href":"https:\/\/palotina.ufpr.br\/dzo\/wp-json\/wp\/v2\/pages"}],"about":[{"href":"https:\/\/palotina.ufpr.br\/dzo\/wp-json\/wp\/v2\/types\/page"}],"author":[{"embeddable":true,"href":"https:\/\/palotina.ufpr.br\/dzo\/wp-json\/wp\/v2\/users\/1411"}],"replies":[{"embeddable":true,"href":"https:\/\/palotina.ufpr.br\/dzo\/wp-json\/wp\/v2\/comments?post=16"}],"version-history":[{"count":137,"href":"https:\/\/palotina.ufpr.br\/dzo\/wp-json\/wp\/v2\/pages\/16\/revisions"}],"predecessor-version":[{"id":8995,"href":"https:\/\/palotina.ufpr.br\/dzo\/wp-json\/wp\/v2\/pages\/16\/revisions\/8995"}],"wp:attachment":[{"href":"https:\/\/palotina.ufpr.br\/dzo\/wp-json\/wp\/v2\/media?parent=16"}],"curies":[{"name":"wp","href":"https:\/\/api.w.org\/{rel}","templated":true}]}}