{"id":9351,"date":"2023-10-24T12:05:37","date_gmt":"2023-10-24T12:05:37","guid":{"rendered":"https:\/\/palotina.ufpr.br\/dzo\/?page_id=9351"},"modified":"2024-06-11T14:10:33","modified_gmt":"2024-06-11T14:10:33","slug":"mev","status":"publish","type":"page","link":"https:\/\/palotina.ufpr.br\/dzo\/mev\/","title":{"rendered":"MEV"},"content":{"rendered":"\t\t<div data-elementor-type=\"wp-page\" data-elementor-id=\"9351\" class=\"elementor elementor-9351\">\n\t\t\t\t\t\t<section class=\"elementor-section elementor-top-section elementor-element elementor-element-ea53eea elementor-section-content-middle elementor-section-boxed elementor-section-height-default elementor-section-height-default\" data-id=\"ea53eea\" data-element_type=\"section\" data-e-type=\"section\">\n\t\t\t\t\t\t<div class=\"elementor-container elementor-column-gap-default\">\n\t\t\t\t\t<div class=\"elementor-column elementor-col-50 elementor-top-column elementor-element elementor-element-7e5cadc\" data-id=\"7e5cadc\" data-element_type=\"column\" data-e-type=\"column\">\n\t\t\t<div class=\"elementor-widget-wrap elementor-element-populated\">\n\t\t\t\t\t\t<div class=\"elementor-element elementor-element-c278c97 elementor-widget elementor-widget-image\" data-id=\"c278c97\" data-element_type=\"widget\" data-e-type=\"widget\" data-widget_type=\"image.default\">\n\t\t\t\t<div class=\"elementor-widget-container\">\n\t\t\t\t\t\t\t\t\t\t\t\t\t\t\t<img fetchpriority=\"high\" decoding=\"async\" width=\"566\" height=\"426\" src=\"https:\/\/palotina.ufpr.br\/dzo\/wp-content\/uploads\/sites\/10\/2023\/10\/Imagem1.jpg\" class=\"attachment-large size-large wp-image-9353\" alt=\"\" srcset=\"https:\/\/palotina.ufpr.br\/dzo\/wp-content\/uploads\/sites\/10\/2023\/10\/Imagem1.jpg 566w, https:\/\/palotina.ufpr.br\/dzo\/wp-content\/uploads\/sites\/10\/2023\/10\/Imagem1-300x226.jpg 300w, https:\/\/palotina.ufpr.br\/dzo\/wp-content\/uploads\/sites\/10\/2023\/10\/Imagem1-160x120.jpg 160w\" sizes=\"(max-width: 566px) 100vw, 566px\" \/>\t\t\t\t\t\t\t\t\t\t\t\t\t\t\t<\/div>\n\t\t\t\t<\/div>\n\t\t\t\t\t<\/div>\n\t\t<\/div>\n\t\t\t\t<div class=\"elementor-column elementor-col-50 elementor-top-column elementor-element elementor-element-f25f7d9\" data-id=\"f25f7d9\" data-element_type=\"column\" data-e-type=\"column\">\n\t\t\t<div class=\"elementor-widget-wrap elementor-element-populated\">\n\t\t\t\t\t\t<div class=\"elementor-element elementor-element-f986446 elementor-widget__width-initial elementor-widget elementor-widget-text-editor\" data-id=\"f986446\" data-element_type=\"widget\" data-e-type=\"widget\" data-widget_type=\"text-editor.default\">\n\t\t\t\t<div class=\"elementor-widget-container\">\n\t\t\t\t\t\t\t\t\t<p style=\"text-align: left\"><strong>Coordena\u00e7\u00e3o <\/strong><\/p>\n<p>Prof \u00b0 Dr. Eduardo Lu\u00eds Cupertino Ballester &nbsp;&nbsp;&nbsp;&nbsp;&nbsp;&nbsp;&nbsp;&nbsp;<\/p>\n<p><strong>T\u00e9cnica<\/strong><\/p>\n<p>Luana Costa<\/p>\t\t\t\t\t\t\t\t<\/div>\n\t\t\t\t<\/div>\n\t\t\t\t\t<\/div>\n\t\t<\/div>\n\t\t\t\t\t<\/div>\n\t\t<\/section>\n\t\t\t\t<section class=\"elementor-section elementor-top-section elementor-element elementor-element-d44d24c elementor-section-boxed elementor-section-height-default elementor-section-height-default\" data-id=\"d44d24c\" data-element_type=\"section\" data-e-type=\"section\">\n\t\t\t\t\t\t<div class=\"elementor-container elementor-column-gap-default\">\n\t\t\t\t\t<div class=\"elementor-column elementor-col-100 elementor-top-column elementor-element elementor-element-351c6c5\" data-id=\"351c6c5\" data-element_type=\"column\" data-e-type=\"column\">\n\t\t\t<div class=\"elementor-widget-wrap elementor-element-populated\">\n\t\t\t\t\t\t<div class=\"elementor-element elementor-element-860b9b1 elementor-widget elementor-widget-text-editor\" data-id=\"860b9b1\" data-element_type=\"widget\" data-e-type=\"widget\" data-widget_type=\"text-editor.default\">\n\t\t\t\t<div class=\"elementor-widget-container\">\n\t\t\t\t\t\t\t\t\t<p class=\"MsoNormal\"><b>MEV \u2013 TESCAN VEGAN 3<\/b><\/p><p>\n\n<\/p><div style=\"border:none;border-bottom:solid windowtext 1.5pt;padding:0cm 0cm 1.0pt 0cm\">\n\n<p class=\"MsoNormal\" style=\"border: none;padding: 0cm\">A Central de Microscopia Eletr\u00f4nica,\nlocalizada no Bloco IV, da UFPR \u2013 Setor Palotina, disponibiliza aos usu\u00e1rios\nequipamentos em microscopia eletr\u00f4nica para a caracteriza\u00e7\u00e3o morfol\u00f3gica que\npossuem resolu\u00e7\u00f5es de 0,5 a 3 nm.&nbsp;Outras t\u00e9cnicas acess\u00f3rias a estes\nequipamentos se destacam, ampliando a capacidade anal\u00edtica, tais como: a\ndifra\u00e7\u00e3o de el\u00e9trons, an\u00e1lise qu\u00edmica de raios-X, a espectroscopia de emiss\u00e3o\npor catodo luminesc\u00eancia, estereoscopia em microscopia eletr\u00f4nica de varredura\n(MEV) (imagem com perspectiva e informa\u00e7\u00e3o 3D) e microtomografia de raio-X em\nMEV. <\/p>\n\n<p class=\"MsoNormal\" style=\"border: none;padding: 0cm\">Al\u00e9m disso conta com raios X por energia\ndispersiva (EDS), metalizador de amostras e secador de ponto cr\u00edtico para\nprocessamento de amostras biol\u00f3gicas. O laborat\u00f3rio tem car\u00e1ter multiusu\u00e1rio e\natende \u00e0s demandas cursos de gradua\u00e7\u00e3o e p\u00f3s-gradua\u00e7\u00e3o da UFPR e de outras\nuniversidades, al\u00e9m de institui\u00e7\u00f5es privadas. O laborat\u00f3rio tem destacado a\nimport\u00e2ncia para os projetos desenvolvidos na UFPR \u2013 Setor Palotina,\nespecialmente junto aos sete programas de p\u00f3s-gradua\u00e7\u00e3o do setor. <\/p>\n\n<p class=\"MsoNormal\" style=\"border: none;padding: 0cm\">Com resolu\u00e7\u00e3o de 3 nm, o equipamento permite\nmagnifica\u00e7\u00f5es de at\u00e9 300 kX. Imagens com press\u00e3o controlada entre 3 a 500 Pa.\nAn\u00e1lise de aspectos tridimensionais por estereoscopia de el\u00e9trons secund\u00e1rios.\nSistema de an\u00e1lise qu\u00edmica tipo EDS (Oxford) com software AZ Tech (Advanced) com\ndetetor tipo SDD de 80 mm\u00b2.<\/p>\n\n<\/div>\t\t\t\t\t\t\t\t<\/div>\n\t\t\t\t<\/div>\n\t\t\t\t\t<\/div>\n\t\t<\/div>\n\t\t\t\t\t<\/div>\n\t\t<\/section>\n\t\t\t\t<section class=\"elementor-section elementor-top-section elementor-element elementor-element-ebd6c53 elementor-section-boxed elementor-section-height-default elementor-section-height-default\" data-id=\"ebd6c53\" data-element_type=\"section\" data-e-type=\"section\">\n\t\t\t\t\t\t<div class=\"elementor-container elementor-column-gap-default\">\n\t\t\t\t\t<div class=\"elementor-column elementor-col-100 elementor-top-column elementor-element elementor-element-4f68184\" data-id=\"4f68184\" data-element_type=\"column\" data-e-type=\"column\">\n\t\t\t<div class=\"elementor-widget-wrap elementor-element-populated\">\n\t\t\t\t\t\t<div class=\"elementor-element elementor-element-4191b9d elementor-widget elementor-widget-heading\" data-id=\"4191b9d\" data-element_type=\"widget\" data-e-type=\"widget\" data-widget_type=\"heading.default\">\n\t\t\t\t<div class=\"elementor-widget-container\">\n\t\t\t\t\t<h2 class=\"elementor-heading-title elementor-size-default\">ATEN\u00c7\u00c3O- RESULTADO EDITAL<\/h2>\t\t\t\t<\/div>\n\t\t\t\t<\/div>\n\t\t\t\t<div class=\"elementor-element elementor-element-b44bf8a elementor-widget elementor-widget-text-editor\" data-id=\"b44bf8a\" data-element_type=\"widget\" data-e-type=\"widget\" data-widget_type=\"text-editor.default\">\n\t\t\t\t<div class=\"elementor-widget-container\">\n\t\t\t\t\t\t\t\t\t<h2 class=\"elementor-heading-title elementor-size-default elementor-inline-editing pen\" style=\"font-family: Roboto, sans-serif;font-weight: 600;color: #a01e1e;text-align: center\" data-elementor-setting-key=\"title\" data-pen-placeholder=\"Digite aqui...\"><span style=\"color: #ff0000\"><a style=\"color: #ff0000\" href=\"https:\/\/palotina.ufpr.br\/dzo\/wp-content\/uploads\/sites\/10\/2024\/02\/Edital-Resultado-2024.pdf\" target=\"_blank\" rel=\"noopener\">RESULTADO &#8211; Sele\u00e7\u00e3o de Bolsista T\u00e9cnico da Central de Microscopia Eletr\u00f4nica da UFPR<\/a><\/span><\/h2>\t\t\t\t\t\t\t\t<\/div>\n\t\t\t\t<\/div>\n\t\t\t\t\t<\/div>\n\t\t<\/div>\n\t\t\t\t\t<\/div>\n\t\t<\/section>\n\t\t\t\t<section class=\"elementor-section elementor-top-section elementor-element elementor-element-57d9bde elementor-section-boxed elementor-section-height-default elementor-section-height-default\" data-id=\"57d9bde\" data-element_type=\"section\" data-e-type=\"section\">\n\t\t\t\t\t\t<div class=\"elementor-container elementor-column-gap-default\">\n\t\t\t\t\t<div class=\"elementor-column elementor-col-100 elementor-top-column elementor-element elementor-element-332dd1c\" data-id=\"332dd1c\" data-element_type=\"column\" data-e-type=\"column\">\n\t\t\t<div class=\"elementor-widget-wrap elementor-element-populated\">\n\t\t\t\t\t\t<div class=\"elementor-element elementor-element-6c24967 elementor-widget elementor-widget-heading\" data-id=\"6c24967\" data-element_type=\"widget\" data-e-type=\"widget\" data-widget_type=\"heading.default\">\n\t\t\t\t<div class=\"elementor-widget-container\">\n\t\t\t\t\t<h2 class=\"elementor-heading-title elementor-size-default\">An\u00e1lises <br>- MEV\n- EDS\n<\/h2>\t\t\t\t<\/div>\n\t\t\t\t<\/div>\n\t\t\t\t\t<\/div>\n\t\t<\/div>\n\t\t\t\t\t<\/div>\n\t\t<\/section>\n\t\t\t\t<section class=\"elementor-section elementor-top-section elementor-element elementor-element-db22fd8 elementor-section-boxed elementor-section-height-default elementor-section-height-default\" data-id=\"db22fd8\" data-element_type=\"section\" data-e-type=\"section\">\n\t\t\t\t\t\t<div class=\"elementor-container elementor-column-gap-default\">\n\t\t\t\t\t<div class=\"elementor-column elementor-col-100 elementor-top-column elementor-element elementor-element-06bb7b9\" data-id=\"06bb7b9\" data-element_type=\"column\" data-e-type=\"column\">\n\t\t\t<div class=\"elementor-widget-wrap elementor-element-populated\">\n\t\t\t\t\t\t<div class=\"elementor-element elementor-element-d2eec84 elementor-widget elementor-widget-text-editor\" data-id=\"d2eec84\" data-element_type=\"widget\" data-e-type=\"widget\" data-widget_type=\"text-editor.default\">\n\t\t\t\t<div class=\"elementor-widget-container\">\n\t\t\t\t\t\t\t\t\t<p><strong>Tabela de Pre\u00e7os\u00a0\u00a0\u00a0\u00a0\u00a0\u00a0\u00a0\u00a0\u00a0\u00a0\u00a0 <\/strong><\/p><p><strong>Equipamento: VEGA3 TESCAN<\/strong><\/p>\t\t\t\t\t\t\t\t<\/div>\n\t\t\t\t<\/div>\n\t\t\t\t<div class=\"elementor-element elementor-element-05cb3ea elementor-widget elementor-widget-text-editor\" data-id=\"05cb3ea\" data-element_type=\"widget\" data-e-type=\"widget\" data-widget_type=\"text-editor.default\">\n\t\t\t\t<div class=\"elementor-widget-container\">\n\t\t\t\t\t\t\t\t\t<table><tbody><tr><td width=\"142\"><p><strong>\u00a0<\/strong><\/p><\/td><td width=\"142\"><p>Valor <strong>por ciclo<\/strong> de Desidrata\u00e7\u00e3o por ponto cr\u00edtico CO2<\/p><\/td><td width=\"142\"><p>Valor da an\u00e1lise <strong>por hora de uso <\/strong>(somente micrografias em m\u00f3dulos SE\/BSE)<\/p><p>\u00a0<\/p><\/td><td width=\"142\"><p>Valor da an\u00e1lise <strong>por hora de uso<\/strong> (micrografias em m\u00f3dulos SE\/BSE e microan\u00e1lise por EDS)<\/p><\/td><\/tr><tr><td width=\"142\"><p><strong>Empresas<\/strong><\/p><\/td><td width=\"142\"><p><strong>R$ 120,00<\/strong><\/p><\/td><td width=\"142\"><p><strong>R$ 250,00<\/strong><\/p><\/td><td width=\"142\"><p><strong>R$ 400,00<\/strong><\/p><\/td><\/tr><tr><td width=\"142\"><p><strong>Institui\u00e7\u00e3o de Ensino e Pesquisa &#8211; Externos<\/strong><\/p><\/td><td width=\"142\"><p><strong>R$ 60,00<\/strong><\/p><\/td><td width=\"142\"><p><strong>R$ 100,00<\/strong><\/p><\/td><td width=\"142\"><p><strong>R$ 130,00<\/strong><\/p><\/td><\/tr><tr><td width=\"142\"><p><strong>UFPR<\/strong><\/p><\/td><td width=\"142\"><p><strong>R$ 60,00<\/strong><\/p><\/td><td width=\"142\"><p><strong>R$ 50,00<\/strong><\/p><\/td><td width=\"142\"><p><strong>R$ 75,00<\/strong><\/p><\/td><\/tr><\/tbody><\/table>\t\t\t\t\t\t\t\t<\/div>\n\t\t\t\t<\/div>\n\t\t\t\t<div class=\"elementor-element elementor-element-d19e038 elementor-widget elementor-widget-text-editor\" data-id=\"d19e038\" data-element_type=\"widget\" data-e-type=\"widget\" data-widget_type=\"text-editor.default\">\n\t\t\t\t<div class=\"elementor-widget-container\">\n\t\t\t\t\t\t\t\t\t<p><strong>&#8211; Os valores que constam na tabela acima podem ser alterados;<\/strong><\/p><p><strong>&#8211; Condi\u00e7\u00f5es de pagamentos: pagamento via GRU;<\/strong><\/p><p><strong>&#8211; Caso o requerente necessite de recibo, o mesmo deve solicitar no ato da contrata\u00e7\u00e3o do servi\u00e7o.<\/strong><\/p>\t\t\t\t\t\t\t\t<\/div>\n\t\t\t\t<\/div>\n\t\t\t\t\t<\/div>\n\t\t<\/div>\n\t\t\t\t\t<\/div>\n\t\t<\/section>\n\t\t\t\t<section class=\"elementor-section elementor-top-section elementor-element elementor-element-1543740 elementor-section-boxed elementor-section-height-default elementor-section-height-default\" data-id=\"1543740\" data-element_type=\"section\" data-e-type=\"section\">\n\t\t\t\t\t\t<div class=\"elementor-container elementor-column-gap-default\">\n\t\t\t\t\t<div class=\"elementor-column elementor-col-100 elementor-top-column elementor-element elementor-element-48c89e7\" data-id=\"48c89e7\" data-element_type=\"column\" data-e-type=\"column\">\n\t\t\t<div class=\"elementor-widget-wrap elementor-element-populated\">\n\t\t\t\t\t\t<div class=\"elementor-element elementor-element-da101b2 elementor-widget elementor-widget-heading\" data-id=\"da101b2\" data-element_type=\"widget\" data-e-type=\"widget\" data-widget_type=\"heading.default\">\n\t\t\t\t<div class=\"elementor-widget-container\">\n\t\t\t\t\t<h2 class=\"elementor-heading-title elementor-size-default\">REQUISI\u00c7\u00c3O DE AN\u00c1LISE<\/h2>\t\t\t\t<\/div>\n\t\t\t\t<\/div>\n\t\t\t\t<div class=\"elementor-element elementor-element-91c5291 elementor-widget elementor-widget-button\" data-id=\"91c5291\" data-element_type=\"widget\" data-e-type=\"widget\" data-widget_type=\"button.default\">\n\t\t\t\t<div class=\"elementor-widget-container\">\n\t\t\t\t\t\t\t\t\t<div class=\"elementor-button-wrapper\">\n\t\t\t\t\t<a class=\"elementor-button elementor-button-link elementor-size-sm\" href=\"https:\/\/palotina.ufpr.br\/dzo\/wp-content\/uploads\/sites\/10\/2023\/10\/Requisicao-de-analise-MEV.docx\" target=\"_blank\">\n\t\t\t\t\t\t<span class=\"elementor-button-content-wrapper\">\n\t\t\t\t\t\t\t\t\t<span class=\"elementor-button-text\">Clique aqui<\/span>\n\t\t\t\t\t<\/span>\n\t\t\t\t\t<\/a>\n\t\t\t\t<\/div>\n\t\t\t\t\t\t\t\t<\/div>\n\t\t\t\t<\/div>\n\t\t\t\t\t<\/div>\n\t\t<\/div>\n\t\t\t\t\t<\/div>\n\t\t<\/section>\n\t\t\t\t<section class=\"elementor-section elementor-top-section elementor-element elementor-element-97a6701 elementor-section-boxed elementor-section-height-default elementor-section-height-default\" data-id=\"97a6701\" data-element_type=\"section\" data-e-type=\"section\">\n\t\t\t\t\t\t<div class=\"elementor-container elementor-column-gap-default\">\n\t\t\t\t\t<div class=\"elementor-column elementor-col-100 elementor-top-column elementor-element elementor-element-7548b5a\" data-id=\"7548b5a\" data-element_type=\"column\" data-e-type=\"column\">\n\t\t\t<div class=\"elementor-widget-wrap elementor-element-populated\">\n\t\t\t\t\t\t<div class=\"elementor-element elementor-element-9911b8d elementor-widget elementor-widget-heading\" data-id=\"9911b8d\" data-element_type=\"widget\" data-e-type=\"widget\" data-widget_type=\"heading.default\">\n\t\t\t\t<div class=\"elementor-widget-container\">\n\t\t\t\t\t<h2 class=\"elementor-heading-title elementor-size-default\">CONTATO- \n\nmevpna@gmail.com<\/h2>\t\t\t\t<\/div>\n\t\t\t\t<\/div>\n\t\t\t\t\t<\/div>\n\t\t<\/div>\n\t\t\t\t\t<\/div>\n\t\t<\/section>\n\t\t\t\t<\/div>\n\t\t","protected":false},"excerpt":{"rendered":"<p>\/*! elementor &#8211; v3.21.0 &#8211; 26-05-2024 *\/ .elementor-widget-image{text-align:center}.elementor-widget-image a{display:inline-block}.elementor-widget-image a img[src$=&#8221;.svg&#8221;]{width:48px}.elementor-widget-image img{vertical-align:middle;display:inline-block} Coordena\u00e7\u00e3o Prof \u00b0 Dr. Eduardo Lu\u00eds Cupertino Ballester &nbsp;&nbsp;&nbsp;&nbsp;&nbsp;&nbsp;&nbsp;&nbsp; T\u00e9cnica Luana Costa MEV \u2013 TESCAN VEGAN 3 A Central de Microscopia Eletr\u00f4nica, localizada no Bloco IV, da UFPR \u2013 Setor Palotina, disponibiliza aos usu\u00e1rios equipamentos em microscopia eletr\u00f4nica para a caracteriza\u00e7\u00e3o morfol\u00f3gica que [&hellip;]<\/p>\n","protected":false},"author":1411,"featured_media":0,"parent":0,"menu_order":0,"comment_status":"closed","ping_status":"closed","template":"","meta":{"_acf_changed":false,"footnotes":""},"class_list":["post-9351","page","type-page","status-publish","hentry"],"acf":[],"_links":{"self":[{"href":"https:\/\/palotina.ufpr.br\/dzo\/wp-json\/wp\/v2\/pages\/9351","targetHints":{"allow":["GET"]}}],"collection":[{"href":"https:\/\/palotina.ufpr.br\/dzo\/wp-json\/wp\/v2\/pages"}],"about":[{"href":"https:\/\/palotina.ufpr.br\/dzo\/wp-json\/wp\/v2\/types\/page"}],"author":[{"embeddable":true,"href":"https:\/\/palotina.ufpr.br\/dzo\/wp-json\/wp\/v2\/users\/1411"}],"replies":[{"embeddable":true,"href":"https:\/\/palotina.ufpr.br\/dzo\/wp-json\/wp\/v2\/comments?post=9351"}],"version-history":[{"count":55,"href":"https:\/\/palotina.ufpr.br\/dzo\/wp-json\/wp\/v2\/pages\/9351\/revisions"}],"predecessor-version":[{"id":9500,"href":"https:\/\/palotina.ufpr.br\/dzo\/wp-json\/wp\/v2\/pages\/9351\/revisions\/9500"}],"wp:attachment":[{"href":"https:\/\/palotina.ufpr.br\/dzo\/wp-json\/wp\/v2\/media?parent=9351"}],"curies":[{"name":"wp","href":"https:\/\/api.w.org\/{rel}","templated":true}]}}