{"id":331,"date":"2018-10-10T13:41:37","date_gmt":"2018-10-10T13:41:37","guid":{"rendered":"https:\/\/palotina.ufpr.br\/engrenovaveis\/?page_id=331"},"modified":"2018-10-10T13:41:37","modified_gmt":"2018-10-10T13:41:37","slug":"laboratorios-de-informatica","status":"publish","type":"page","link":"https:\/\/palotina.ufpr.br\/energiaufpr\/laboratorios-de-informatica\/","title":{"rendered":"Laborat\u00f3rios de Inform\u00e1tica"},"content":{"rendered":"<p>INFORM\u00c1TICA I: O Localizado no Bloco II, com 24 computadores, ambos com dual boot (windows e linux). O acesso se d\u00e1 sob autoriza\u00e7\u00e3o de um professor respons\u00e1vel e possui normas de funcionamento e seguran\u00e7a. O espa\u00e7o f\u00edsico do laborat\u00f3rio permite acomodar todos os equipamentos did\u00e1ticos. Os softwares instalados nas m\u00e1quinas encontram-se atualizados para atender \u00e0 demanda das aulas e das atividades de ensino, de pesquisa e extens\u00e3o.<\/p>\n<p>INFORM\u00c1TICA II: Localizado no Bloco III, com 20 computadores, ambos com dual boot (windows e linux). O acesso se d\u00e1 sob autoriza\u00e7\u00e3o de um professor respons\u00e1vel e possui normas de funcionamento e seguran\u00e7a. O espa\u00e7o f\u00edsico do laborat\u00f3rio permite acomodar todos os equipamentos did\u00e1ticos. Os softwares instalados nas m\u00e1quinas encontram-se atualizados para atender \u00e0 demanda das aulas e das atividades de ensino, de pesquisa e extens\u00e3o.<\/p>\n<p>INFORM\u00c1TICA III: Localizado no Bloco III, com 44 computadores, ambos com dual boot (windows e linux). O acesso se d\u00e1 sob autoriza\u00e7\u00e3o de um professor respons\u00e1vel e possui normas de funcionamento e seguran\u00e7a. O espa\u00e7o f\u00edsico do laborat\u00f3rio permite acomodar todos os equipamentos did\u00e1ticos. Os softwares instalados nas m\u00e1quinas encontram-se atualizados para atender \u00e0 demanda das aulas e das atividades de ensino, de pesquisa e extens\u00e3o.<\/p>\n","protected":false},"excerpt":{"rendered":"<p>INFORM\u00c1TICA I: O Localizado no Bloco II, com 24 computadores, ambos com dual boot (windows e linux). O acesso se d\u00e1 sob autoriza\u00e7\u00e3o de um professor respons\u00e1vel e possui normas de funcionamento e seguran\u00e7a. O espa\u00e7o f\u00edsico do laborat\u00f3rio permite acomodar todos os equipamentos did\u00e1ticos. Os softwares instalados nas m\u00e1quinas encontram-se atualizados para atender \u00e0 [&hellip;]<\/p>\n","protected":false},"author":1418,"featured_media":0,"parent":0,"menu_order":0,"comment_status":"closed","ping_status":"closed","template":"","meta":{"_acf_changed":false,"footnotes":""},"class_list":["post-331","page","type-page","status-publish","hentry"],"acf":[],"_links":{"self":[{"href":"https:\/\/palotina.ufpr.br\/energiaufpr\/wp-json\/wp\/v2\/pages\/331","targetHints":{"allow":["GET"]}}],"collection":[{"href":"https:\/\/palotina.ufpr.br\/energiaufpr\/wp-json\/wp\/v2\/pages"}],"about":[{"href":"https:\/\/palotina.ufpr.br\/energiaufpr\/wp-json\/wp\/v2\/types\/page"}],"author":[{"embeddable":true,"href":"https:\/\/palotina.ufpr.br\/energiaufpr\/wp-json\/wp\/v2\/users\/1418"}],"replies":[{"embeddable":true,"href":"https:\/\/palotina.ufpr.br\/energiaufpr\/wp-json\/wp\/v2\/comments?post=331"}],"version-history":[{"count":1,"href":"https:\/\/palotina.ufpr.br\/energiaufpr\/wp-json\/wp\/v2\/pages\/331\/revisions"}],"predecessor-version":[{"id":332,"href":"https:\/\/palotina.ufpr.br\/energiaufpr\/wp-json\/wp\/v2\/pages\/331\/revisions\/332"}],"wp:attachment":[{"href":"https:\/\/palotina.ufpr.br\/energiaufpr\/wp-json\/wp\/v2\/media?parent=331"}],"curies":[{"name":"wp","href":"https:\/\/api.w.org\/{rel}","templated":true}]}}