{"id":335,"date":"2018-10-10T13:43:43","date_gmt":"2018-10-10T13:43:43","guid":{"rendered":"https:\/\/palotina.ufpr.br\/engrenovaveis\/?page_id=335"},"modified":"2018-10-10T13:43:43","modified_gmt":"2018-10-10T13:43:43","slug":"laboratorios-de-fisica","status":"publish","type":"page","link":"https:\/\/palotina.ufpr.br\/energiaufpr\/laboratorios-de-fisica\/","title":{"rendered":"Laborat\u00f3rios de F\u00edsica"},"content":{"rendered":"<p>F\u00cdSICA: O Setor conta com 02 Laborat\u00f3rios did\u00e1ticos de F\u00edsica, localizados no Bloco do Semin\u00e1rio, com capacidade para 15 alunos cada, apresenta espa\u00e7o amplo para distribui\u00e7\u00e3o de carteiras e cadeiras, computadores, equipamentos e instrumentos de medida e quadro negro. Por quest\u00e3o de seguran\u00e7a, ambos permanecem fechados quando n\u00e3o est\u00e3o em hor\u00e1rio de uso e o acesso aos laborat\u00f3rios se d\u00e1 por meio das aulas pr\u00e1ticas. Os alunos tamb\u00e9m possuem acesso livre aos laborat\u00f3rios, quando participantes de projetos de pesquisa ou extens\u00e3o e est\u00e3o sob orienta\u00e7\u00e3o e supervis\u00e3o do docente respons\u00e1vel. <\/p>\n","protected":false},"excerpt":{"rendered":"<p>F\u00cdSICA: O Setor conta com 02 Laborat\u00f3rios did\u00e1ticos de F\u00edsica, localizados no Bloco do Semin\u00e1rio, com capacidade para 15 alunos cada, apresenta espa\u00e7o amplo para distribui\u00e7\u00e3o de carteiras e cadeiras, computadores, equipamentos e instrumentos de medida e quadro negro. Por quest\u00e3o de seguran\u00e7a, ambos permanecem fechados quando n\u00e3o est\u00e3o em hor\u00e1rio de uso e o [&hellip;]<\/p>\n","protected":false},"author":1418,"featured_media":0,"parent":0,"menu_order":0,"comment_status":"closed","ping_status":"closed","template":"","meta":{"_acf_changed":false,"footnotes":""},"class_list":["post-335","page","type-page","status-publish","hentry"],"acf":[],"_links":{"self":[{"href":"https:\/\/palotina.ufpr.br\/energiaufpr\/wp-json\/wp\/v2\/pages\/335","targetHints":{"allow":["GET"]}}],"collection":[{"href":"https:\/\/palotina.ufpr.br\/energiaufpr\/wp-json\/wp\/v2\/pages"}],"about":[{"href":"https:\/\/palotina.ufpr.br\/energiaufpr\/wp-json\/wp\/v2\/types\/page"}],"author":[{"embeddable":true,"href":"https:\/\/palotina.ufpr.br\/energiaufpr\/wp-json\/wp\/v2\/users\/1418"}],"replies":[{"embeddable":true,"href":"https:\/\/palotina.ufpr.br\/energiaufpr\/wp-json\/wp\/v2\/comments?post=335"}],"version-history":[{"count":1,"href":"https:\/\/palotina.ufpr.br\/energiaufpr\/wp-json\/wp\/v2\/pages\/335\/revisions"}],"predecessor-version":[{"id":336,"href":"https:\/\/palotina.ufpr.br\/energiaufpr\/wp-json\/wp\/v2\/pages\/335\/revisions\/336"}],"wp:attachment":[{"href":"https:\/\/palotina.ufpr.br\/energiaufpr\/wp-json\/wp\/v2\/media?parent=335"}],"curies":[{"name":"wp","href":"https:\/\/api.w.org\/{rel}","templated":true}]}}