{"id":341,"date":"2018-10-10T13:52:03","date_gmt":"2018-10-10T13:52:03","guid":{"rendered":"https:\/\/palotina.ufpr.br\/engrenovaveis\/?page_id=341"},"modified":"2019-04-18T18:42:29","modified_gmt":"2019-04-18T18:42:29","slug":"laboratorio-de-automacao-e-acionamentos-eletromecanicos","status":"publish","type":"page","link":"https:\/\/palotina.ufpr.br\/energiaufpr\/laboratorio-de-automacao-e-acionamentos-eletromecanicos\/","title":{"rendered":"Laborat\u00f3rio de Automa\u00e7\u00e3o e Acionamentos Eletromec\u00e2nicos"},"content":{"rendered":"<p>O Laborat\u00f3rio de AUTOMA\u00c7\u00c3O\/ACIONAMENTOS ELETROMAGN\u00c9TICOS da UTFPR tem capacidade para 20 alunos, bancadas e ambiente adequado para distribui\u00e7\u00e3o de equipamentos e itens necess\u00e1rios para o desenvolvimento das aulas. Os equipamentos est\u00e3o dispostos nas bancadas laterais. Est\u00e1 em pleno funcionamento.<\/p>\n","protected":false},"excerpt":{"rendered":"<p>O Laborat\u00f3rio de AUTOMA\u00c7\u00c3O\/ACIONAMENTOS ELETROMAGN\u00c9TICOS da UTFPR tem capacidade para 20 alunos, bancadas e ambiente adequado para distribui\u00e7\u00e3o de equipamentos e itens necess\u00e1rios para o desenvolvimento das aulas. Os equipamentos est\u00e3o dispostos nas bancadas laterais. Est\u00e1 em pleno funcionamento.<\/p>\n","protected":false},"author":1418,"featured_media":0,"parent":0,"menu_order":0,"comment_status":"closed","ping_status":"closed","template":"","meta":{"_acf_changed":false,"footnotes":""},"class_list":["post-341","page","type-page","status-publish","hentry"],"acf":[],"_links":{"self":[{"href":"https:\/\/palotina.ufpr.br\/energiaufpr\/wp-json\/wp\/v2\/pages\/341","targetHints":{"allow":["GET"]}}],"collection":[{"href":"https:\/\/palotina.ufpr.br\/energiaufpr\/wp-json\/wp\/v2\/pages"}],"about":[{"href":"https:\/\/palotina.ufpr.br\/energiaufpr\/wp-json\/wp\/v2\/types\/page"}],"author":[{"embeddable":true,"href":"https:\/\/palotina.ufpr.br\/energiaufpr\/wp-json\/wp\/v2\/users\/1418"}],"replies":[{"embeddable":true,"href":"https:\/\/palotina.ufpr.br\/energiaufpr\/wp-json\/wp\/v2\/comments?post=341"}],"version-history":[{"count":3,"href":"https:\/\/palotina.ufpr.br\/energiaufpr\/wp-json\/wp\/v2\/pages\/341\/revisions"}],"predecessor-version":[{"id":486,"href":"https:\/\/palotina.ufpr.br\/energiaufpr\/wp-json\/wp\/v2\/pages\/341\/revisions\/486"}],"wp:attachment":[{"href":"https:\/\/palotina.ufpr.br\/energiaufpr\/wp-json\/wp\/v2\/media?parent=341"}],"curies":[{"name":"wp","href":"https:\/\/api.w.org\/{rel}","templated":true}]}}