{"id":343,"date":"2018-10-10T13:53:20","date_gmt":"2018-10-10T13:53:20","guid":{"rendered":"https:\/\/palotina.ufpr.br\/engrenovaveis\/?page_id=343"},"modified":"2019-04-18T18:42:38","modified_gmt":"2019-04-18T18:42:38","slug":"laboratorio-de-instalacoes-eletricas-e-circuitos","status":"publish","type":"page","link":"https:\/\/palotina.ufpr.br\/energiaufpr\/laboratorio-de-instalacoes-eletricas-e-circuitos\/","title":{"rendered":"Laborat\u00f3rio de Instala\u00e7\u00f5es El\u00e9tricas e Circuitos"},"content":{"rendered":"<p>O Laborat\u00f3rio de INSTALA\u00c7\u00d5ES EL\u00c9TRICAS\/CIRCUITOS da UTFPR tem capacidade para 20 alunos, bancadas e ambiente adequado para distribui\u00e7\u00e3o de equipamentos e itens necess\u00e1rios para o desenvolvimento das aulas. Os equipamentos est\u00e3o dispostos nas bancadas laterais. Est\u00e1 em pleno funcionamento.<\/p>\n","protected":false},"excerpt":{"rendered":"<p>O Laborat\u00f3rio de INSTALA\u00c7\u00d5ES EL\u00c9TRICAS\/CIRCUITOS da UTFPR tem capacidade para 20 alunos, bancadas e ambiente adequado para distribui\u00e7\u00e3o de equipamentos e itens necess\u00e1rios para o desenvolvimento das aulas. Os equipamentos est\u00e3o dispostos nas bancadas laterais. Est\u00e1 em pleno funcionamento.<\/p>\n","protected":false},"author":1418,"featured_media":0,"parent":0,"menu_order":0,"comment_status":"closed","ping_status":"closed","template":"","meta":{"_acf_changed":false,"footnotes":""},"class_list":["post-343","page","type-page","status-publish","hentry"],"acf":[],"_links":{"self":[{"href":"https:\/\/palotina.ufpr.br\/energiaufpr\/wp-json\/wp\/v2\/pages\/343","targetHints":{"allow":["GET"]}}],"collection":[{"href":"https:\/\/palotina.ufpr.br\/energiaufpr\/wp-json\/wp\/v2\/pages"}],"about":[{"href":"https:\/\/palotina.ufpr.br\/energiaufpr\/wp-json\/wp\/v2\/types\/page"}],"author":[{"embeddable":true,"href":"https:\/\/palotina.ufpr.br\/energiaufpr\/wp-json\/wp\/v2\/users\/1418"}],"replies":[{"embeddable":true,"href":"https:\/\/palotina.ufpr.br\/energiaufpr\/wp-json\/wp\/v2\/comments?post=343"}],"version-history":[{"count":3,"href":"https:\/\/palotina.ufpr.br\/energiaufpr\/wp-json\/wp\/v2\/pages\/343\/revisions"}],"predecessor-version":[{"id":485,"href":"https:\/\/palotina.ufpr.br\/energiaufpr\/wp-json\/wp\/v2\/pages\/343\/revisions\/485"}],"wp:attachment":[{"href":"https:\/\/palotina.ufpr.br\/energiaufpr\/wp-json\/wp\/v2\/media?parent=343"}],"curies":[{"name":"wp","href":"https:\/\/api.w.org\/{rel}","templated":true}]}}