{"id":345,"date":"2018-10-10T13:54:12","date_gmt":"2018-10-10T13:54:12","guid":{"rendered":"https:\/\/palotina.ufpr.br\/engrenovaveis\/?page_id=345"},"modified":"2019-04-18T18:42:56","modified_gmt":"2019-04-18T18:42:56","slug":"laboratorio-de-sistemas-digitais","status":"publish","type":"page","link":"https:\/\/palotina.ufpr.br\/energiaufpr\/laboratorio-de-sistemas-digitais\/","title":{"rendered":"Laborat\u00f3rio de Sistemas Digitais"},"content":{"rendered":"<p>O Laborat\u00f3rio de SISTEMAS DIGITAIS da UTFPR tem capacidade para 20 alunos, bancadas e ambiente adequado para distribui\u00e7\u00e3o de equipamentos e itens necess\u00e1rios para o desenvolvimento das aulas. Os equipamentos est\u00e3o dispostos nas bancadas laterais. Est\u00e1 em pleno funcionamento.<\/p>\n","protected":false},"excerpt":{"rendered":"<p>O Laborat\u00f3rio de SISTEMAS DIGITAIS da UTFPR tem capacidade para 20 alunos, bancadas e ambiente adequado para distribui\u00e7\u00e3o de equipamentos e itens necess\u00e1rios para o desenvolvimento das aulas. Os equipamentos est\u00e3o dispostos nas bancadas laterais. Est\u00e1 em pleno funcionamento.<\/p>\n","protected":false},"author":1418,"featured_media":0,"parent":0,"menu_order":0,"comment_status":"closed","ping_status":"closed","template":"","meta":{"_acf_changed":false,"footnotes":""},"class_list":["post-345","page","type-page","status-publish","hentry"],"acf":[],"_links":{"self":[{"href":"https:\/\/palotina.ufpr.br\/energiaufpr\/wp-json\/wp\/v2\/pages\/345","targetHints":{"allow":["GET"]}}],"collection":[{"href":"https:\/\/palotina.ufpr.br\/energiaufpr\/wp-json\/wp\/v2\/pages"}],"about":[{"href":"https:\/\/palotina.ufpr.br\/energiaufpr\/wp-json\/wp\/v2\/types\/page"}],"author":[{"embeddable":true,"href":"https:\/\/palotina.ufpr.br\/energiaufpr\/wp-json\/wp\/v2\/users\/1418"}],"replies":[{"embeddable":true,"href":"https:\/\/palotina.ufpr.br\/energiaufpr\/wp-json\/wp\/v2\/comments?post=345"}],"version-history":[{"count":2,"href":"https:\/\/palotina.ufpr.br\/energiaufpr\/wp-json\/wp\/v2\/pages\/345\/revisions"}],"predecessor-version":[{"id":487,"href":"https:\/\/palotina.ufpr.br\/energiaufpr\/wp-json\/wp\/v2\/pages\/345\/revisions\/487"}],"wp:attachment":[{"href":"https:\/\/palotina.ufpr.br\/energiaufpr\/wp-json\/wp\/v2\/media?parent=345"}],"curies":[{"name":"wp","href":"https:\/\/api.w.org\/{rel}","templated":true}]}}