{"id":478,"date":"2019-04-18T18:38:36","date_gmt":"2019-04-18T18:38:36","guid":{"rendered":"https:\/\/palotina.ufpr.br\/energiaufpr\/?page_id=478"},"modified":"2019-05-08T21:18:38","modified_gmt":"2019-05-08T21:18:38","slug":"laboratorio-de-sistmas-eletromecanicos-aplicados-a-engenharia-de-energia","status":"publish","type":"page","link":"https:\/\/palotina.ufpr.br\/energiaufpr\/laboratorio-de-sistmas-eletromecanicos-aplicados-a-engenharia-de-energia\/","title":{"rendered":"Laborat\u00f3rio de Sistemas Eletromec\u00e2nicos aplicados \u00e0 Engenharia de Energia"},"content":{"rendered":"<p>O setor conta com o Laborat\u00f3rio de Sistmas Eletromec\u00e2nicos aplicados \u00e0 Engenharia de Energia com capacidade para 10 alunos equipado com bancada de eletrot\u00e9cnica industrial, controladores PID, m\u00e1quinas el\u00e9tricas, controle de processos, turbinas hidr\u00e1ulicas e gerador e\u00f3lico.\u00a0Por quest\u00e3o de seguran\u00e7a\u00a0o laborat\u00f3rio permanece fechado quando n\u00e3o est\u00e1 em hor\u00e1rio de uso e o acesso ao laborat\u00f3rio se d\u00e1 por meio das aulas pr\u00e1ticas. Os alunos tamb\u00e9m possuem permiss\u00e3o de acesso quando participantes de projetos de pesquisa ou extens\u00e3o e est\u00e3o sob orienta\u00e7\u00e3o e supervis\u00e3o do docente respons\u00e1vel.<\/p>\n","protected":false},"excerpt":{"rendered":"<p>O setor conta com o Laborat\u00f3rio de Sistmas Eletromec\u00e2nicos aplicados \u00e0 Engenharia de Energia com capacidade para 10 alunos equipado com bancada de eletrot\u00e9cnica industrial, controladores PID, m\u00e1quinas el\u00e9tricas, controle de processos, turbinas hidr\u00e1ulicas e gerador e\u00f3lico.\u00a0Por quest\u00e3o de seguran\u00e7a\u00a0o laborat\u00f3rio permanece fechado quando n\u00e3o est\u00e1 em hor\u00e1rio de uso e o acesso ao laborat\u00f3rio [&hellip;]<\/p>\n","protected":false},"author":1418,"featured_media":0,"parent":0,"menu_order":0,"comment_status":"closed","ping_status":"closed","template":"","meta":{"_acf_changed":false,"footnotes":""},"class_list":["post-478","page","type-page","status-publish","hentry"],"acf":[],"_links":{"self":[{"href":"https:\/\/palotina.ufpr.br\/energiaufpr\/wp-json\/wp\/v2\/pages\/478","targetHints":{"allow":["GET"]}}],"collection":[{"href":"https:\/\/palotina.ufpr.br\/energiaufpr\/wp-json\/wp\/v2\/pages"}],"about":[{"href":"https:\/\/palotina.ufpr.br\/energiaufpr\/wp-json\/wp\/v2\/types\/page"}],"author":[{"embeddable":true,"href":"https:\/\/palotina.ufpr.br\/energiaufpr\/wp-json\/wp\/v2\/users\/1418"}],"replies":[{"embeddable":true,"href":"https:\/\/palotina.ufpr.br\/energiaufpr\/wp-json\/wp\/v2\/comments?post=478"}],"version-history":[{"count":2,"href":"https:\/\/palotina.ufpr.br\/energiaufpr\/wp-json\/wp\/v2\/pages\/478\/revisions"}],"predecessor-version":[{"id":496,"href":"https:\/\/palotina.ufpr.br\/energiaufpr\/wp-json\/wp\/v2\/pages\/478\/revisions\/496"}],"wp:attachment":[{"href":"https:\/\/palotina.ufpr.br\/energiaufpr\/wp-json\/wp\/v2\/media?parent=478"}],"curies":[{"name":"wp","href":"https:\/\/api.w.org\/{rel}","templated":true}]}}