{"id":9,"date":"2016-10-13T18:54:50","date_gmt":"2016-10-13T18:54:50","guid":{"rendered":"https:\/\/palotina.ufpr.br\/engenharia-de-aquicultura-palotina\/?page_id=9"},"modified":"2024-08-05T17:39:39","modified_gmt":"2024-08-05T17:39:39","slug":"coordenacao","status":"publish","type":"page","link":"https:\/\/palotina.ufpr.br\/engenharia-de-aquicultura\/coordenacao\/","title":{"rendered":"UFPR | Coordena\u00e7\u00e3o"},"content":{"rendered":"\t\t<div data-elementor-type=\"wp-page\" data-elementor-id=\"9\" class=\"elementor elementor-9\">\n\t\t\t\t\t\t<section class=\"elementor-section elementor-top-section elementor-element elementor-element-8da11db elementor-section-boxed elementor-section-height-default elementor-section-height-default\" data-id=\"8da11db\" data-element_type=\"section\" data-e-type=\"section\">\n\t\t\t\t\t\t<div class=\"elementor-container elementor-column-gap-default\">\n\t\t\t\t\t<div class=\"elementor-column elementor-col-100 elementor-top-column elementor-element elementor-element-57b9875f\" data-id=\"57b9875f\" data-element_type=\"column\" data-e-type=\"column\">\n\t\t\t<div class=\"elementor-widget-wrap elementor-element-populated\">\n\t\t\t\t\t\t<div class=\"elementor-element elementor-element-74630363 elementor-widget elementor-widget-heading\" data-id=\"74630363\" data-element_type=\"widget\" data-e-type=\"widget\" data-widget_type=\"heading.default\">\n\t\t\t\t<div class=\"elementor-widget-container\">\n\t\t\t\t\t<h4 class=\"elementor-heading-title elementor-size-default\">Coordena\u00e7\u00e3o do Curso de Engenharia de Aquicultura<\/h4>\t\t\t\t<\/div>\n\t\t\t\t<\/div>\n\t\t\t\t<div class=\"elementor-element elementor-element-19eb1742 elementor-widget elementor-widget-text-editor\" data-id=\"19eb1742\" data-element_type=\"widget\" data-e-type=\"widget\" data-widget_type=\"text-editor.default\">\n\t\t\t\t<div class=\"elementor-widget-container\">\n\t\t\t\t\t\t\t\t\t<p>(Gest\u00e3o 2024\/2026)<\/p>\t\t\t\t\t\t\t\t<\/div>\n\t\t\t\t<\/div>\n\t\t\t\t\t<\/div>\n\t\t<\/div>\n\t\t\t\t\t<\/div>\n\t\t<\/section>\n\t\t\t\t<section class=\"elementor-section elementor-top-section elementor-element elementor-element-1d6fa2a8 elementor-section-boxed elementor-section-height-default elementor-section-height-default\" data-id=\"1d6fa2a8\" data-element_type=\"section\" data-e-type=\"section\">\n\t\t\t\t\t\t<div class=\"elementor-container elementor-column-gap-default\">\n\t\t\t\t\t<div class=\"elementor-column elementor-col-100 elementor-top-column elementor-element elementor-element-1ef76a82\" data-id=\"1ef76a82\" data-element_type=\"column\" data-e-type=\"column\">\n\t\t\t<div class=\"elementor-widget-wrap elementor-element-populated\">\n\t\t\t\t\t\t<section class=\"elementor-section elementor-inner-section elementor-element elementor-element-11227d9a elementor-section-boxed elementor-section-height-default elementor-section-height-default\" data-id=\"11227d9a\" data-element_type=\"section\" data-e-type=\"section\">\n\t\t\t\t\t\t<div class=\"elementor-container elementor-column-gap-default\">\n\t\t\t\t\t<div class=\"elementor-column elementor-col-50 elementor-inner-column elementor-element elementor-element-4b02e36a\" data-id=\"4b02e36a\" data-element_type=\"column\" data-e-type=\"column\">\n\t\t\t<div class=\"elementor-widget-wrap elementor-element-populated\">\n\t\t\t\t\t\t<div class=\"elementor-element elementor-element-1e719ef9 elementor-position-top elementor-widget elementor-widget-image-box\" data-id=\"1e719ef9\" data-element_type=\"widget\" data-e-type=\"widget\" data-widget_type=\"image-box.default\">\n\t\t\t\t<div class=\"elementor-widget-container\">\n\t\t\t\t\t<div class=\"elementor-image-box-wrapper\"><figure class=\"elementor-image-box-img\"><img fetchpriority=\"high\" decoding=\"async\" width=\"500\" height=\"500\" src=\"https:\/\/palotina.ufpr.br\/engenharia-de-aquicultura\/wp-content\/uploads\/sites\/12\/2022\/05\/fabricio.png\" class=\"attachment-full size-full wp-image-1012\" alt=\"\" srcset=\"https:\/\/palotina.ufpr.br\/engenharia-de-aquicultura\/wp-content\/uploads\/sites\/12\/2022\/05\/fabricio.png 500w, https:\/\/palotina.ufpr.br\/engenharia-de-aquicultura\/wp-content\/uploads\/sites\/12\/2022\/05\/fabricio-300x300.png 300w, https:\/\/palotina.ufpr.br\/engenharia-de-aquicultura\/wp-content\/uploads\/sites\/12\/2022\/05\/fabricio-150x150.png 150w\" sizes=\"(max-width: 500px) 100vw, 500px\" \/><\/figure><div class=\"elementor-image-box-content\"><h3 class=\"elementor-image-box-title\">Prof. Dr. Fabr\u00edcio Schwanz da Silva<\/h3><p class=\"elementor-image-box-description\">Coordenador<\/p><\/div><\/div>\t\t\t\t<\/div>\n\t\t\t\t<\/div>\n\t\t\t\t<div class=\"elementor-element elementor-element-5effbb60 elementor-widget elementor-widget-text-editor\" data-id=\"5effbb60\" data-element_type=\"widget\" data-e-type=\"widget\" data-widget_type=\"text-editor.default\">\n\t\t\t\t<div class=\"elementor-widget-container\">\n\t\t\t\t\t\t\t\t\t<p><b>Contatos<\/b><br \/><b>Telefone:<\/b> (44) 99741-4809<br \/><b>E-mail: <\/b>fabricio.silva@ufpr.br<br \/><b>Gabinete:<\/b>\u00a0<span style=\"font-family: var( --e-global-typography-text-font-family ), Sans-serif\">Bloco Did\u00e1tico VI &#8211; Gabinete 5<\/span><\/p>\t\t\t\t\t\t\t\t<\/div>\n\t\t\t\t<\/div>\n\t\t\t\t\t<\/div>\n\t\t<\/div>\n\t\t\t\t<div class=\"elementor-column elementor-col-50 elementor-inner-column elementor-element elementor-element-737a07a4\" data-id=\"737a07a4\" data-element_type=\"column\" data-e-type=\"column\">\n\t\t\t<div class=\"elementor-widget-wrap elementor-element-populated\">\n\t\t\t\t\t\t<div class=\"elementor-element elementor-element-6a0a956e elementor-position-top elementor-widget elementor-widget-image-box\" data-id=\"6a0a956e\" data-element_type=\"widget\" data-e-type=\"widget\" data-widget_type=\"image-box.default\">\n\t\t\t\t<div class=\"elementor-widget-container\">\n\t\t\t\t\t<div class=\"elementor-image-box-wrapper\"><figure class=\"elementor-image-box-img\"><img decoding=\"async\" width=\"1456\" height=\"1444\" src=\"https:\/\/palotina.ufpr.br\/engenharia-de-aquicultura\/wp-content\/uploads\/sites\/12\/2024\/08\/foto-1.jpeg\" class=\"attachment-full size-full wp-image-1295\" alt=\"\" srcset=\"https:\/\/palotina.ufpr.br\/engenharia-de-aquicultura\/wp-content\/uploads\/sites\/12\/2024\/08\/foto-1.jpeg 1456w, https:\/\/palotina.ufpr.br\/engenharia-de-aquicultura\/wp-content\/uploads\/sites\/12\/2024\/08\/foto-1-300x298.jpeg 300w, https:\/\/palotina.ufpr.br\/engenharia-de-aquicultura\/wp-content\/uploads\/sites\/12\/2024\/08\/foto-1-1024x1016.jpeg 1024w, https:\/\/palotina.ufpr.br\/engenharia-de-aquicultura\/wp-content\/uploads\/sites\/12\/2024\/08\/foto-1-150x150.jpeg 150w, https:\/\/palotina.ufpr.br\/engenharia-de-aquicultura\/wp-content\/uploads\/sites\/12\/2024\/08\/foto-1-768x762.jpeg 768w, https:\/\/palotina.ufpr.br\/engenharia-de-aquicultura\/wp-content\/uploads\/sites\/12\/2024\/08\/foto-1-1140x1131.jpeg 1140w\" sizes=\"(max-width: 1456px) 100vw, 1456px\" \/><\/figure><div class=\"elementor-image-box-content\"><h3 class=\"elementor-image-box-title\">Profa. Dra. Giovana Costa R\u00e9us<\/h3><p class=\"elementor-image-box-description\">Vice-coordenadora<\/p><\/div><\/div>\t\t\t\t<\/div>\n\t\t\t\t<\/div>\n\t\t\t\t<div class=\"elementor-element elementor-element-6c2220c5 elementor-widget elementor-widget-text-editor\" data-id=\"6c2220c5\" data-element_type=\"widget\" data-e-type=\"widget\" data-widget_type=\"text-editor.default\">\n\t\t\t\t<div class=\"elementor-widget-container\">\n\t\t\t\t\t\t\t\t\t<p><b>Contatos<\/b><br \/><b>Telefone:<\/b>\u00a0<br \/><b>E-mail: <\/b>giovanareus@ufpr.br<br \/><b>Gabinete:\u00a0<\/b>Bloco Did\u00e1tico VI &#8211; Gabinete 5<\/p>\t\t\t\t\t\t\t\t<\/div>\n\t\t\t\t<\/div>\n\t\t\t\t\t<\/div>\n\t\t<\/div>\n\t\t\t\t\t<\/div>\n\t\t<\/section>\n\t\t\t\t\t<\/div>\n\t\t<\/div>\n\t\t\t\t\t<\/div>\n\t\t<\/section>\n\t\t\t\t<section class=\"elementor-section elementor-top-section elementor-element elementor-element-7a125a4 elementor-section-boxed elementor-section-height-default elementor-section-height-default\" data-id=\"7a125a4\" data-element_type=\"section\" data-e-type=\"section\">\n\t\t\t\t\t\t<div class=\"elementor-container elementor-column-gap-default\">\n\t\t\t\t\t<div class=\"elementor-column elementor-col-100 elementor-top-column elementor-element elementor-element-15c9333\" data-id=\"15c9333\" data-element_type=\"column\" data-e-type=\"column\">\n\t\t\t<div class=\"elementor-widget-wrap elementor-element-populated\">\n\t\t\t\t\t\t<div class=\"elementor-element elementor-element-7906b56 elementor-widget-divider--separator-type-pattern elementor-widget-divider--view-line elementor-widget elementor-widget-divider\" data-id=\"7906b56\" data-element_type=\"widget\" data-e-type=\"widget\" data-widget_type=\"divider.default\">\n\t\t\t\t<div class=\"elementor-widget-container\">\n\t\t\t\t\t\t\t<div class=\"elementor-divider\" style=\"--divider-pattern-url: url(&quot;data:image\/svg+xml,%3Csvg xmlns=&#039;http:\/\/www.w3.org\/2000\/svg&#039; preserveAspectRatio=&#039;none&#039; overflow=&#039;visible&#039; height=&#039;100%&#039; viewBox=&#039;0 0 20 16&#039; fill=&#039;none&#039; stroke=&#039;black&#039; stroke-width=&#039;1&#039; stroke-linecap=&#039;square&#039; stroke-miterlimit=&#039;10&#039;%3E%3Cg transform=&#039;translate(-12.000000, 0)&#039;%3E%3Cpath d=&#039;M28,0L10,18&#039;\/%3E%3Cpath d=&#039;M18,0L0,18&#039;\/%3E%3Cpath d=&#039;M48,0L30,18&#039;\/%3E%3Cpath d=&#039;M38,0L20,18&#039;\/%3E%3C\/g%3E%3C\/svg%3E&quot;);\">\n\t\t\t<span class=\"elementor-divider-separator\">\n\t\t\t\t\t\t<\/span>\n\t\t<\/div>\n\t\t\t\t\t\t<\/div>\n\t\t\t\t<\/div>\n\t\t\t\t<div class=\"elementor-element elementor-element-aa477a2 elementor-widget elementor-widget-heading\" data-id=\"aa477a2\" data-element_type=\"widget\" data-e-type=\"widget\" data-widget_type=\"heading.default\">\n\t\t\t\t<div class=\"elementor-widget-container\">\n\t\t\t\t\t<h4 class=\"elementor-heading-title elementor-size-default\"><h4 data-elementor-setting-key=\"title\" data-pen-placeholder=\"Digite aqui...\" style=\"font-size: 32px\">Outras Informa\u00e7\u00f5es<\/h4><\/h4>\t\t\t\t<\/div>\n\t\t\t\t<\/div>\n\t\t\t\t<section class=\"elementor-section elementor-inner-section elementor-element elementor-element-e704ac3 elementor-section-content-middle elementor-section-boxed elementor-section-height-default elementor-section-height-default\" data-id=\"e704ac3\" data-element_type=\"section\" data-e-type=\"section\">\n\t\t\t\t\t\t<div class=\"elementor-container elementor-column-gap-no\">\n\t\t\t\t\t<div class=\"elementor-column elementor-col-33 elementor-inner-column elementor-element elementor-element-daf460d\" data-id=\"daf460d\" data-element_type=\"column\" data-e-type=\"column\">\n\t\t\t<div class=\"elementor-widget-wrap elementor-element-populated\">\n\t\t\t\t\t\t<div class=\"elementor-element elementor-element-eadca9a elementor-position-top elementor-widget elementor-widget-image-box\" data-id=\"eadca9a\" data-element_type=\"widget\" data-e-type=\"widget\" data-widget_type=\"image-box.default\">\n\t\t\t\t<div class=\"elementor-widget-container\">\n\t\t\t\t\t<div class=\"elementor-image-box-wrapper\"><figure class=\"elementor-image-box-img\"><img decoding=\"async\" width=\"256\" height=\"256\" src=\"https:\/\/palotina.ufpr.br\/engenharia-de-aquicultura\/wp-content\/uploads\/sites\/12\/2022\/05\/domain-registration.png\" class=\"attachment-full size-full wp-image-745\" alt=\"\" srcset=\"https:\/\/palotina.ufpr.br\/engenharia-de-aquicultura\/wp-content\/uploads\/sites\/12\/2022\/05\/domain-registration.png 256w, https:\/\/palotina.ufpr.br\/engenharia-de-aquicultura\/wp-content\/uploads\/sites\/12\/2022\/05\/domain-registration-150x150.png 150w\" sizes=\"(max-width: 256px) 100vw, 256px\" \/><\/figure><div class=\"elementor-image-box-content\"><h3 class=\"elementor-image-box-title\">O curso<\/h3><p class=\"elementor-image-box-description\">Conhe\u00e7a a estrutura do curso de Engenharia de Aquicultura<\/p><\/div><\/div>\t\t\t\t<\/div>\n\t\t\t\t<\/div>\n\t\t\t\t<div class=\"elementor-element elementor-element-52ba8cc elementor-align-center elementor-widget elementor-widget-button\" data-id=\"52ba8cc\" data-element_type=\"widget\" data-e-type=\"widget\" data-widget_type=\"button.default\">\n\t\t\t\t<div class=\"elementor-widget-container\">\n\t\t\t\t\t\t\t\t\t<div class=\"elementor-button-wrapper\">\n\t\t\t\t\t<a class=\"elementor-button elementor-button-link elementor-size-sm\" href=\"https:\/\/palotina.ufpr.br\/engenharia-de-aquicultura\/sobre-o-curso\/\">\n\t\t\t\t\t\t<span class=\"elementor-button-content-wrapper\">\n\t\t\t\t\t\t\t\t\t<span class=\"elementor-button-text\">Clique aqui<\/span>\n\t\t\t\t\t<\/span>\n\t\t\t\t\t<\/a>\n\t\t\t\t<\/div>\n\t\t\t\t\t\t\t\t<\/div>\n\t\t\t\t<\/div>\n\t\t\t\t\t<\/div>\n\t\t<\/div>\n\t\t\t\t<div class=\"elementor-column elementor-col-33 elementor-inner-column elementor-element elementor-element-41eaddf\" data-id=\"41eaddf\" data-element_type=\"column\" data-e-type=\"column\">\n\t\t\t<div class=\"elementor-widget-wrap elementor-element-populated\">\n\t\t\t\t\t\t<div class=\"elementor-element elementor-element-e215fe1 elementor-widget elementor-widget-spacer\" data-id=\"e215fe1\" data-element_type=\"widget\" data-e-type=\"widget\" data-widget_type=\"spacer.default\">\n\t\t\t\t<div class=\"elementor-widget-container\">\n\t\t\t\t\t\t\t<div class=\"elementor-spacer\">\n\t\t\t<div class=\"elementor-spacer-inner\"><\/div>\n\t\t<\/div>\n\t\t\t\t\t\t<\/div>\n\t\t\t\t<\/div>\n\t\t\t\t<div class=\"elementor-element elementor-element-d75a198 elementor-position-top elementor-widget elementor-widget-image-box\" data-id=\"d75a198\" data-element_type=\"widget\" data-e-type=\"widget\" data-widget_type=\"image-box.default\">\n\t\t\t\t<div class=\"elementor-widget-container\">\n\t\t\t\t\t<div class=\"elementor-image-box-wrapper\"><figure class=\"elementor-image-box-img\"><img loading=\"lazy\" decoding=\"async\" width=\"256\" height=\"256\" src=\"https:\/\/palotina.ufpr.br\/engenharia-de-aquicultura\/wp-content\/uploads\/sites\/12\/2022\/05\/viral-marketing.png\" class=\"attachment-full size-full wp-image-801\" alt=\"\" srcset=\"https:\/\/palotina.ufpr.br\/engenharia-de-aquicultura\/wp-content\/uploads\/sites\/12\/2022\/05\/viral-marketing.png 256w, https:\/\/palotina.ufpr.br\/engenharia-de-aquicultura\/wp-content\/uploads\/sites\/12\/2022\/05\/viral-marketing-150x150.png 150w\" sizes=\"(max-width: 256px) 100vw, 256px\" \/><\/figure><div class=\"elementor-image-box-content\"><h3 class=\"elementor-image-box-title\"><span>Docentes<\/span><\/h3><p class=\"elementor-image-box-description\">Conhe\u00e7a os professores que comp\u00f5em o corpo docente do curso<\/p><\/div><\/div>\t\t\t\t<\/div>\n\t\t\t\t<\/div>\n\t\t\t\t<div class=\"elementor-element elementor-element-8a232c3 elementor-align-center elementor-widget elementor-widget-button\" data-id=\"8a232c3\" data-element_type=\"widget\" data-e-type=\"widget\" data-widget_type=\"button.default\">\n\t\t\t\t<div class=\"elementor-widget-container\">\n\t\t\t\t\t\t\t\t\t<div class=\"elementor-button-wrapper\">\n\t\t\t\t\t<a class=\"elementor-button elementor-button-link elementor-size-sm\" href=\"https:\/\/palotina.ufpr.br\/engenharia-de-aquicultura\/professores\/\">\n\t\t\t\t\t\t<span class=\"elementor-button-content-wrapper\">\n\t\t\t\t\t\t\t\t\t<span class=\"elementor-button-text\">Clique aqui<\/span>\n\t\t\t\t\t<\/span>\n\t\t\t\t\t<\/a>\n\t\t\t\t<\/div>\n\t\t\t\t\t\t\t\t<\/div>\n\t\t\t\t<\/div>\n\t\t\t\t<div class=\"elementor-element elementor-element-cc1fee9 elementor-widget elementor-widget-spacer\" data-id=\"cc1fee9\" data-element_type=\"widget\" data-e-type=\"widget\" data-widget_type=\"spacer.default\">\n\t\t\t\t<div class=\"elementor-widget-container\">\n\t\t\t\t\t\t\t<div class=\"elementor-spacer\">\n\t\t\t<div class=\"elementor-spacer-inner\"><\/div>\n\t\t<\/div>\n\t\t\t\t\t\t<\/div>\n\t\t\t\t<\/div>\n\t\t\t\t\t<\/div>\n\t\t<\/div>\n\t\t\t\t<div class=\"elementor-column elementor-col-33 elementor-inner-column elementor-element elementor-element-fb41174\" data-id=\"fb41174\" data-element_type=\"column\" data-e-type=\"column\">\n\t\t\t<div class=\"elementor-widget-wrap elementor-element-populated\">\n\t\t\t\t\t\t<div class=\"elementor-element elementor-element-0e4430f elementor-position-top elementor-widget elementor-widget-image-box\" data-id=\"0e4430f\" data-element_type=\"widget\" data-e-type=\"widget\" data-widget_type=\"image-box.default\">\n\t\t\t\t<div class=\"elementor-widget-container\">\n\t\t\t\t\t<div class=\"elementor-image-box-wrapper\"><figure class=\"elementor-image-box-img\"><img loading=\"lazy\" decoding=\"async\" width=\"256\" height=\"256\" src=\"https:\/\/palotina.ufpr.br\/engenharia-de-aquicultura\/wp-content\/uploads\/sites\/12\/2022\/05\/analytics.png\" class=\"attachment-full size-full wp-image-802\" alt=\"\" srcset=\"https:\/\/palotina.ufpr.br\/engenharia-de-aquicultura\/wp-content\/uploads\/sites\/12\/2022\/05\/analytics.png 256w, https:\/\/palotina.ufpr.br\/engenharia-de-aquicultura\/wp-content\/uploads\/sites\/12\/2022\/05\/analytics-150x150.png 150w\" sizes=\"(max-width: 256px) 100vw, 256px\" \/><\/figure><div class=\"elementor-image-box-content\"><h3 class=\"elementor-image-box-title\"><span>Infraestrutura<\/span><\/h3><p class=\"elementor-image-box-description\">Documentos importantes, normas, calend\u00e1rio acad\u00eamico, entre outros<\/p><\/div><\/div>\t\t\t\t<\/div>\n\t\t\t\t<\/div>\n\t\t\t\t<div class=\"elementor-element elementor-element-b0db288 elementor-align-center elementor-widget elementor-widget-button\" data-id=\"b0db288\" data-element_type=\"widget\" data-e-type=\"widget\" data-widget_type=\"button.default\">\n\t\t\t\t<div class=\"elementor-widget-container\">\n\t\t\t\t\t\t\t\t\t<div class=\"elementor-button-wrapper\">\n\t\t\t\t\t<a class=\"elementor-button elementor-button-link elementor-size-sm\" href=\"https:\/\/palotina.ufpr.br\/engenharia-de-aquicultura\/estrutura\/\">\n\t\t\t\t\t\t<span class=\"elementor-button-content-wrapper\">\n\t\t\t\t\t\t\t\t\t<span class=\"elementor-button-text\">Clique aqui<\/span>\n\t\t\t\t\t<\/span>\n\t\t\t\t\t<\/a>\n\t\t\t\t<\/div>\n\t\t\t\t\t\t\t\t<\/div>\n\t\t\t\t<\/div>\n\t\t\t\t\t<\/div>\n\t\t<\/div>\n\t\t\t\t\t<\/div>\n\t\t<\/section>\n\t\t\t\t\t<\/div>\n\t\t<\/div>\n\t\t\t\t\t<\/div>\n\t\t<\/section>\n\t\t\t\t<\/div>\n\t\t","protected":false},"excerpt":{"rendered":"<p>\/*! elementor &#8211; v3.23.0 &#8211; 25-07-2024 *\/ .elementor-heading-title{padding:0;margin:0;line-height:1}.elementor-widget-heading .elementor-heading-title[class*=elementor-size-]&gt;a{color:inherit;font-size:inherit;line-height:inherit}.elementor-widget-heading .elementor-heading-title.elementor-size-small{font-size:15px}.elementor-widget-heading .elementor-heading-title.elementor-size-medium{font-size:19px}.elementor-widget-heading .elementor-heading-title.elementor-size-large{font-size:29px}.elementor-widget-heading .elementor-heading-title.elementor-size-xl{font-size:39px}.elementor-widget-heading .elementor-heading-title.elementor-size-xxl{font-size:59px} Coordena\u00e7\u00e3o do Curso de Engenharia de Aquicultura (Gest\u00e3o 2024\/2026) \/*! elementor &#8211; v3.23.0 &#8211; 25-07-2024 *\/ .elementor-widget-image-box .elementor-image-box-content{width:100%}@media (min-width:768px){.elementor-widget-image-box.elementor-position-left .elementor-image-box-wrapper,.elementor-widget-image-box.elementor-position-right .elementor-image-box-wrapper{display:flex}.elementor-widget-image-box.elementor-position-right .elementor-image-box-wrapper{text-align:end;flex-direction:row-reverse}.elementor-widget-image-box.elementor-position-left .elementor-image-box-wrapper{text-align:start;flex-direction:row}.elementor-widget-image-box.elementor-position-top .elementor-image-box-img{margin:auto}.elementor-widget-image-box.elementor-vertical-align-top .elementor-image-box-wrapper{align-items:flex-start}.elementor-widget-image-box.elementor-vertical-align-middle .elementor-image-box-wrapper{align-items:center}.elementor-widget-image-box.elementor-vertical-align-bottom .elementor-image-box-wrapper{align-items:flex-end}}@media (max-width:767px){.elementor-widget-image-box .elementor-image-box-img{margin-left:auto!important;margin-right:auto!important;margin-bottom:15px}}.elementor-widget-image-box .elementor-image-box-img{display:inline-block}.elementor-widget-image-box .elementor-image-box-title a{color:inherit}.elementor-widget-image-box .elementor-image-box-wrapper{text-align:center}.elementor-widget-image-box .elementor-image-box-description{margin:0} Prof. Dr. Fabr\u00edcio Schwanz da Silva Coordenador &hellip; <\/p>\n<p><a class=\"more-link btn\" href=\"https:\/\/palotina.ufpr.br\/engenharia-de-aquicultura\/coordenacao\/\">Continue lendo<\/a><\/p>\n","protected":false},"author":1399,"featured_media":0,"parent":0,"menu_order":0,"comment_status":"closed","ping_status":"closed","template":"","meta":{"_acf_changed":false,"footnotes":""},"class_list":["post-9","page","type-page","status-publish","hentry","nodate","item-wrap"],"acf":[],"_links":{"self":[{"href":"https:\/\/palotina.ufpr.br\/engenharia-de-aquicultura\/wp-json\/wp\/v2\/pages\/9","targetHints":{"allow":["GET"]}}],"collection":[{"href":"https:\/\/palotina.ufpr.br\/engenharia-de-aquicultura\/wp-json\/wp\/v2\/pages"}],"about":[{"href":"https:\/\/palotina.ufpr.br\/engenharia-de-aquicultura\/wp-json\/wp\/v2\/types\/page"}],"author":[{"embeddable":true,"href":"https:\/\/palotina.ufpr.br\/engenharia-de-aquicultura\/wp-json\/wp\/v2\/users\/1399"}],"replies":[{"embeddable":true,"href":"https:\/\/palotina.ufpr.br\/engenharia-de-aquicultura\/wp-json\/wp\/v2\/comments?post=9"}],"version-history":[{"count":37,"href":"https:\/\/palotina.ufpr.br\/engenharia-de-aquicultura\/wp-json\/wp\/v2\/pages\/9\/revisions"}],"predecessor-version":[{"id":1313,"href":"https:\/\/palotina.ufpr.br\/engenharia-de-aquicultura\/wp-json\/wp\/v2\/pages\/9\/revisions\/1313"}],"wp:attachment":[{"href":"https:\/\/palotina.ufpr.br\/engenharia-de-aquicultura\/wp-json\/wp\/v2\/media?parent=9"}],"curies":[{"name":"wp","href":"https:\/\/api.w.org\/{rel}","templated":true}]}}