{"id":239,"date":"2016-11-21T13:25:05","date_gmt":"2016-11-21T13:25:05","guid":{"rendered":"https:\/\/palotina.ufpr.br\/catprobio\/?page_id=239"},"modified":"2020-08-14T13:35:55","modified_gmt":"2020-08-14T13:35:55","slug":"normas","status":"publish","type":"page","link":"https:\/\/palotina.ufpr.br\/labmater\/normas\/","title":{"rendered":"Normas de utiliza\u00e7\u00e3o"},"content":{"rendered":"<p style=\"text-align: justify\">O\u00a0Labmater informa as regras internas de utiliza\u00e7\u00e3o do espa\u00e7o para uso da comunidade acad\u00eamica.<\/p>\n<p style=\"text-align: justify\"><strong>Usu\u00e1rios<\/strong><\/p>\n<p style=\"text-align: justify\">S\u00e3o usu\u00e1rios os Pesquisadores Efetivos, os Pesquisadores Associados, os T\u00e9cnicos e os Colaboradores, conforme definido no Art. 1\u00ba do <a href=\"https:\/\/palotina.ufpr.br\/catprobio\/wp-content\/uploads\/sites\/7\/2016\/09\/LABMATER-versao-FINAL-aprovada-pelo-SPA.pdf\" target=\"_blank\">Regimento do Laborat\u00f3rio<\/a>.<\/p>\n<p style=\"text-align: justify\"><strong>Formul\u00e1rios<\/strong><\/p>\n<p style=\"text-align: justify\">Para uso dos servi\u00e7os do Labmater \u00e9 necess\u00e1rio o preenchimento do Formul\u00e1rio de Solicita\u00e7\u00e3o de Servi\u00e7o, vari\u00e1vel conforme a T\u00e9cnica Solicitada,\u00a0dispon\u00edvel no endere\u00e7o\u00a0<a href=\"https:\/\/palotina.ufpr.br\/catprobio\/tecnicas-analiticas\/\" target=\"_blank\">https:\/\/palotina.ufpr.br\/catprobio\/tecnicas-analiticas\/<\/a><\/p>\n<p style=\"text-align: justify\">N\u00e3o ser\u00e3o agendados servi\u00e7os sem o envio do Formul\u00e1rio\u00a0devidamente\u00a0preenchido. A inscri\u00e7\u00e3o na lista de espera para uso dos equipamentos depender\u00e1 da an\u00e1lise do Formul\u00e1rio pela coordena\u00e7\u00e3o do Labmater.<\/p>\n<p style=\"text-align: justify\"><strong>Agendamentos<\/strong><\/p>\n<p style=\"text-align: justify\">N\u00e3o ser\u00e3o realizados servi\u00e7os al\u00e9m da quantidade descrita no formul\u00e1rio de solicita\u00e7\u00e3o.<\/p>\n<p style=\"text-align: justify\">Ser\u00e3o limitados a dois agendamentos por semana por usu\u00e1rio para os equipamentos de maior demanda.<\/p>\n<p style=\"text-align: justify\">Em caso de necessidade de novas an\u00e1lises solicitar-se-\u00e1 um novo formul\u00e1rio.<\/p>\n<p style=\"text-align: justify\">O cancelamento de hor\u00e1rios dever\u00e1 ser informado ao respons\u00e1vel pelo Labmater com no m\u00ednimo 24 horas de anteced\u00eancia.<\/p>\n<p style=\"text-align: justify\">O hor\u00e1rio cancelado ser\u00e1 disponibilizado para a sequ\u00eancia da fila de espera.<\/p>\n<p style=\"text-align: justify\"><strong>Penalidades<\/strong><\/p>\n<p style=\"text-align: justify\">No caso de aus\u00eancia de retorno do usu\u00e1rio ao e-mail de agendamento do\u00a0Labmater no prazo de 15 dias, a solicita\u00e7\u00e3o ser\u00e1 cancelada.<\/p>\n<p style=\"text-align: justify\">Casos omissos ser\u00e3o analisados pela Coordena\u00e7\u00e3o do Labmater.<\/p>\n","protected":false},"excerpt":{"rendered":"<p>O\u00a0Labmater informa as regras internas de utiliza\u00e7\u00e3o do espa\u00e7o para uso da comunidade acad\u00eamica. Usu\u00e1rios S\u00e3o usu\u00e1rios os Pesquisadores Efetivos, os Pesquisadores Associados, os T\u00e9cnicos e os Colaboradores, conforme definido no Art. 1\u00ba do Regimento do Laborat\u00f3rio. Formul\u00e1rios Para uso dos servi\u00e7os do Labmater \u00e9 necess\u00e1rio o preenchimento do Formul\u00e1rio de Solicita\u00e7\u00e3o de Servi\u00e7o, vari\u00e1vel &hellip; <a href=\"https:\/\/palotina.ufpr.br\/labmater\/normas\/\">Continue reading <span class=\"meta-nav\">&rarr;<\/span><\/a><\/p>\n","protected":false},"author":1407,"featured_media":0,"parent":0,"menu_order":0,"comment_status":"closed","ping_status":"closed","template":"","meta":{"_acf_changed":false,"footnotes":""},"class_list":["post-239","page","type-page","status-publish","hentry"],"acf":[],"_links":{"self":[{"href":"https:\/\/palotina.ufpr.br\/labmater\/wp-json\/wp\/v2\/pages\/239","targetHints":{"allow":["GET"]}}],"collection":[{"href":"https:\/\/palotina.ufpr.br\/labmater\/wp-json\/wp\/v2\/pages"}],"about":[{"href":"https:\/\/palotina.ufpr.br\/labmater\/wp-json\/wp\/v2\/types\/page"}],"author":[{"embeddable":true,"href":"https:\/\/palotina.ufpr.br\/labmater\/wp-json\/wp\/v2\/users\/1407"}],"replies":[{"embeddable":true,"href":"https:\/\/palotina.ufpr.br\/labmater\/wp-json\/wp\/v2\/comments?post=239"}],"version-history":[{"count":9,"href":"https:\/\/palotina.ufpr.br\/labmater\/wp-json\/wp\/v2\/pages\/239\/revisions"}],"predecessor-version":[{"id":788,"href":"https:\/\/palotina.ufpr.br\/labmater\/wp-json\/wp\/v2\/pages\/239\/revisions\/788"}],"wp:attachment":[{"href":"https:\/\/palotina.ufpr.br\/labmater\/wp-json\/wp\/v2\/media?parent=239"}],"curies":[{"name":"wp","href":"https:\/\/api.w.org\/{rel}","templated":true}]}}