{"id":49,"date":"2016-09-05T14:46:51","date_gmt":"2016-09-05T14:46:51","guid":{"rendered":"https:\/\/palotina.ufpr.br\/catprobio\/?page_id=49"},"modified":"2026-03-19T19:57:38","modified_gmt":"2026-03-19T19:57:38","slug":"tecnicas-analiticas","status":"publish","type":"page","link":"https:\/\/palotina.ufpr.br\/labmater\/tecnicas-analiticas\/","title":{"rendered":"T\u00e9cnicas Anal\u00edticas"},"content":{"rendered":"<p style=\"text-align: justify\">O LABMATER desenvolve estudos de caso, consultorias e projetos de livre demanda de \u00f3rg\u00e3os p\u00fablicos e da iniciativa privada referente \u00e0s an\u00e1lises normatizadas, de metodologia desenvolvida internamente ou relacionadas \u00e0s especialidades do laborat\u00f3rio.<\/p>\n<p style=\"text-align: justify\"><em><span style=\"color: #ff0000\"><strong data-start=\"350\" data-end=\"365\">IMPORTANTE:<\/strong> <\/span>com a amplia\u00e7\u00e3o das atividades para a unidade de Curitiba, \u00e9 essencial confirmar previamente o local correto de envio das amostras, a fim de evitar encaminhamentos indevidos. A pessoa respons\u00e1vel pelo envio deve redobrar a aten\u00e7\u00e3o quanto \u00e0s orienta\u00e7\u00f5es log\u00edsticas fornecidas pelo LABMATER.<\/em><\/p>\n<p style=\"text-align: justify\">S\u00e3o disponibilizadas as seguintes t\u00e9cnicas\u00a0anal\u00edticas:<\/p>\n<hr \/>\n<h3>Analisador de Fisissor\u00e7\u00e3o de Nitrog\u00eanio e de <span style=\"font-size: 18.72px\">Di\u00f3xido<\/span>\u00a0de Carbono<\/h3>\n<p style=\"text-align: justify\">O equipamento permite a realiza\u00e7\u00e3o de analise de \u00e1rea espec\u00edfica por isotermas de alta resolu\u00e7\u00e3o de fissisor\u00e7\u00e3o (BET), de volume e distribui\u00e7\u00e3o de poros, par\u00e2metros\u00a0essenciais para otimiza\u00e7\u00e3o de materiais porosos.<\/p>\n<p style=\"text-align: justify\">Servi\u00e7os:\u00a0Isotermas de Adsor\u00e7\u00e3o e Dessor\u00e7\u00e3o, Perfil de porosidade (micro\/mesoporos),\u00a0 Distribui\u00e7\u00e3o, tamanho e di\u00e2metro de poros e \u00c1rea Espec\u00edfica (BET e DFT).<\/p>\n<ul>\n<li class=\"gmail_quote\"><a href=\"https:\/\/palotina.ufpr.br\/labmater\/wp-content\/uploads\/sites\/7\/2024\/01\/REQUISICAO-DE-ANALISE.docx\">REQUISI\u00c7\u00c3O DE AN\u00c1LISE (BET)<\/a><\/li>\n<li class=\"gmail_quote\"><a href=\"https:\/\/palotina.ufpr.br\/labmater\/wp-content\/uploads\/sites\/7\/2020\/11\/tabela-de-valores-BET.pdf\" target=\"_blank\" rel=\"noopener\">TABELA DE VALORES (BET)<\/a><\/li>\n<li class=\"gmail_quote\"><a href=\"https:\/\/palotina.ufpr.br\/labmater\/wp-content\/uploads\/sites\/7\/2020\/11\/ANALISADOR-DE-FISSISOR\u00c7\u00c3O.pdf\" target=\"_blank\" rel=\"noopener\">EQUIPAMENTO<\/a><\/li>\n<\/ul>\n<hr \/>\n<h3>Cromatografia a G\u00e1s (CG)<\/h3>\n<p>A Cromatografia a G\u00e1s \u00e9 utilizada para identifica\u00e7\u00e3o e quantifica\u00e7\u00e3o de compostos em uma mistura liquida ou gasosa, utilizando detectores como FID (Flame Ionization Detector), FPD (Flame Photometric Detector) e TCD (Thermal Conductivity Detector), permitindo a analise de biog\u00e1s.<\/p>\n<p>Servi\u00e7os: Detec\u00e7\u00e3o de\u00a0Di\u00f3xido de Carbono (CO<sub>2<\/sub>),\u00a0Mon\u00f3xido de Carbono (CO),\u00a0Metano (CH<sub>4<\/sub>),\u00a0Etano (C<sub>2<\/sub>H<sub>6<\/sub>),\u00a0Etileno (C<sub>2<\/sub>H<sub>4<\/sub>),\u00a0Nitrog\u00eanio (N<sub>2<\/sub>),\u00a0Hidrog\u00eanio (H<sub>2<\/sub>) e\u00a0Sulfeto de hidrog\u00eanio (H<sub>2<\/sub>S).<\/p>\n<ul>\n<li><a href=\"https:\/\/palotina.ufpr.br\/labmater\/wp-content\/uploads\/sites\/7\/2016\/09\/REQUISI\u00c7\u00c3O-DE-AN\u00c1LISE.docx\" target=\"_blank\" rel=\"noopener\">REQUISI\u00c7\u00c3O DE AN\u00c1LISE (CG)<\/a><\/li>\n<li>TABELA DE VALORES ATRAV\u00c9S DO E-MAIL\u00a0<a href=\"mailto:labmater@ufpr.br\" target=\"_blank\" rel=\"noopener\">labmater@ufpr.br<\/a><\/li>\n<li><a href=\"https:\/\/palotina.ufpr.br\/labmater\/wp-content\/uploads\/sites\/7\/2020\/10\/CG.pdf\" target=\"_blank\" rel=\"noopener\">EQUIPAMENTO<\/a><\/li>\n<\/ul>\n<hr \/>\n<h3><strong>Espalhamento Din\u00e2mico de Luz (DLS)<\/strong><\/h3>\n<p style=\"text-align: justify\">O Espalhamento Din\u00e2mico de Luz \u00e9 uma t\u00e9cnica amplamente utilizada para caracteriza\u00e7\u00e3o nanopart\u00edculas. Por meio desta t\u00e9cnica, \u00e9 poss\u00edvel determinar a distribui\u00e7\u00e3o do di\u00e2metro hidrodin\u00e2mico de nanopart\u00edculas em solu\u00e7\u00e3o, de uma forma r\u00e1pida e confi\u00e1vel.<\/p>\n<p>Servi\u00e7os: Distribui\u00e7\u00e3o do di\u00e2metro hidrodin\u00e2mico de part\u00edculas.<\/p>\n<ul>\n<li><a href=\"https:\/\/palotina.ufpr.br\/labmater\/wp-content\/uploads\/sites\/7\/2016\/09\/REQUISI\u00c7\u00c3O-DE-AN\u00c1LISE.docx\" target=\"_blank\" rel=\"noopener\">REQUISI\u00c7\u00c3O DE AN\u00c1LISE (DLS)<\/a><\/li>\n<li>TABELA DE VALORES ATRAV\u00c9S DO E-MAIL\u00a0<a href=\"mailto:labmater@ufpr.br\" target=\"_blank\" rel=\"noopener\">labmater@ufpr.br<\/a><\/li>\n<li style=\"text-align: left\"><a href=\"https:\/\/palotina.ufpr.br\/labmater\/wp-content\/uploads\/sites\/7\/2020\/11\/ESPALHAMENTO-DIN\u00c2MICO-DE-LUZ.pdf\" target=\"_blank\" rel=\"noopener\">EQUIPAMENTO<\/a><\/li>\n<\/ul>\n<hr \/>\n<p>Para contrata\u00e7\u00e3o de an\u00e1lises, agendamento ou mais informa\u00e7\u00f5es, entre em contato por meio do e-mail <a href=\"mailto:labmater@ufpr.br\">labmater@ufpr.br<\/a>.<\/p>\n","protected":false},"excerpt":{"rendered":"<p>O LABMATER desenvolve estudos de caso, consultorias e projetos de livre demanda de \u00f3rg\u00e3os p\u00fablicos e da iniciativa privada referente \u00e0s an\u00e1lises normatizadas, de metodologia desenvolvida internamente ou relacionadas \u00e0s especialidades do laborat\u00f3rio. IMPORTANTE: com a amplia\u00e7\u00e3o das atividades para a unidade de Curitiba, \u00e9 essencial confirmar previamente o local correto de envio das amostras, &hellip; <a href=\"https:\/\/palotina.ufpr.br\/labmater\/tecnicas-analiticas\/\">Continue reading <span class=\"meta-nav\">&rarr;<\/span><\/a><\/p>\n","protected":false},"author":1407,"featured_media":0,"parent":0,"menu_order":0,"comment_status":"closed","ping_status":"closed","template":"","meta":{"_acf_changed":false,"footnotes":""},"class_list":["post-49","page","type-page","status-publish","hentry"],"acf":[],"_links":{"self":[{"href":"https:\/\/palotina.ufpr.br\/labmater\/wp-json\/wp\/v2\/pages\/49","targetHints":{"allow":["GET"]}}],"collection":[{"href":"https:\/\/palotina.ufpr.br\/labmater\/wp-json\/wp\/v2\/pages"}],"about":[{"href":"https:\/\/palotina.ufpr.br\/labmater\/wp-json\/wp\/v2\/types\/page"}],"author":[{"embeddable":true,"href":"https:\/\/palotina.ufpr.br\/labmater\/wp-json\/wp\/v2\/users\/1407"}],"replies":[{"embeddable":true,"href":"https:\/\/palotina.ufpr.br\/labmater\/wp-json\/wp\/v2\/comments?post=49"}],"version-history":[{"count":60,"href":"https:\/\/palotina.ufpr.br\/labmater\/wp-json\/wp\/v2\/pages\/49\/revisions"}],"predecessor-version":[{"id":1852,"href":"https:\/\/palotina.ufpr.br\/labmater\/wp-json\/wp\/v2\/pages\/49\/revisions\/1852"}],"wp:attachment":[{"href":"https:\/\/palotina.ufpr.br\/labmater\/wp-json\/wp\/v2\/media?parent=49"}],"curies":[{"name":"wp","href":"https:\/\/api.w.org\/{rel}","templated":true}]}}