{"id":55,"date":"2016-09-05T14:48:18","date_gmt":"2016-09-05T14:48:18","guid":{"rendered":"https:\/\/palotina.ufpr.br\/catprobio\/?page_id=55"},"modified":"2025-05-22T20:45:46","modified_gmt":"2025-05-22T20:45:46","slug":"contato","status":"publish","type":"page","link":"https:\/\/palotina.ufpr.br\/labmater\/contato\/","title":{"rendered":"Contato"},"content":{"rendered":"<h4 class=\"elementor-heading-title elementor-size-default\">Localiza\u00e7\u00e3o<\/h4>\n<p style=\"text-align: left\"><strong>Universidade Federal do Paran\u00e1 &#8211; Setor Palotina<\/strong>\u00a0 \u00a0 \u00a0 \u00a0 \u00a0 \u00a0 \u00a0 \u00a0 \u00a0 \u00a0 \u00a0 \u00a0 \u00a0 \u00a0 \u00a0 \u00a0 \u00a0 \u00a0 \u00a0 \u00a0 \u00a0 \u00a0 \u00a0 \u00a0 \u00a0 \u00a0 \u00a0 \u00a0 \u00a0 \u00a0 \u00a0 \u00a0 \u00a0 \u00a0 \u00a0 \u00a0 \u00a0 \u00a0 \u00a0 \u00a0 \u00a0 \u00a0 \u00a0 \u00a0 \u00a0 \u00a0 \u00a0 \u00a0 \u00a0 \u00a0 \u00a0 \u00a0 \u00a0 \u00a0 \u00a0 Laborat\u00f3rio de Materiais e Energias Renov\u00e1veis &#8211; LABMATER<br \/>\nLaborat\u00f3rio 1, Bloco IV &#8211; Sala 69, T\u00e9rreo<br \/>\nRua Pioneiro, 2153 | Jardim Dallas | Palotina \u2013 PR | 85.953-128<\/p>\n<p style=\"text-align: left\">Laborat\u00f3rio 2, Edif\u00edcio Semin\u00e1rio &#8211; Audit\u00f3rio, T\u00e9rreo<br \/>\nRua 24 de Junho, 660 | Centro | Palotina &#8211; PR | 85950-001<\/p>\n<hr \/>\n<p><strong data-start=\"79\" data-end=\"156\">Universidade Federal do Paran\u00e1 \u2013 Setor de Tecnologia \u2013 Campus Polit\u00e9cnico<\/strong> \u00a0 \u00a0 \u00a0 \u00a0 \u00a0 \u00a0 \u00a0 \u00a0 \u00a0 \u00a0 \u00a0 \u00a0 \u00a0 \u00a0 \u00a0 \u00a0 \u00a0 \u00a0 \u00a0 \u00a0 \u00a0 \u00a0 \u00a0 \u00a0 \u00a0Laborat\u00f3rio de Materiais e Energias Renov\u00e1veis &#8211; LABMATER<br data-start=\"156\" data-end=\"159\" \/>Jardim das Am\u00e9ricas | BR-116, Km 98 \u2013 8813 | Curitiba \u2013 PR<br data-start=\"233\" data-end=\"236\" \/>CEP: 81531-980 | Caixa Postal: 19099<\/p>\n<div class=\"elementor-element elementor-element-bd02ef0 elementor-widget elementor-widget-heading\">\n<div class=\"elementor-widget-container\">\n<h4 class=\"elementor-heading-title elementor-size-default\">Fone<\/h4>\n<\/div>\n<\/div>\n<div class=\"elementor-element elementor-element-253cf75 elementor-widget elementor-widget-text-editor\">\n<div class=\"elementor-widget-container\">\n<div class=\"elementor-text-editor elementor-clearfix\">\n<p>+55 45 9 9912-2880<\/p>\n<\/div>\n<\/div>\n<\/div>\n<div class=\"elementor-element elementor-element-82a0ede elementor-widget elementor-widget-heading\">\n<div class=\"elementor-widget-container\">\n<h4 class=\"elementor-heading-title elementor-size-default\">E-mail<\/h4>\n<\/div>\n<\/div>\n<div class=\"elementor-element elementor-element-8275511 elementor-widget elementor-widget-text-editor\">\n<div class=\"elementor-widget-container\">\n<div class=\"elementor-text-editor elementor-clearfix\">\n<p>labmater@ufpr.br<\/p>\n<h4>Funcionamento<\/h4>\n<p>Segunda \u00e0 Sexta: 8h \u00e0s 17h<\/p>\n<\/div>\n<\/div>\n<\/div>\n<div class=\"elementor-element elementor-element-8bc602e elementor-widget elementor-widget-heading\">\n<div class=\"elementor-widget-container\">\n<h4 class=\"elementor-heading-title elementor-size-default\">Como chegar:<\/h4>\n<h5><em>Palotina &#8211; PR:<\/em><\/h5>\n<p class=\"elementor-heading-title elementor-size-default\">Laborat\u00f3rio 1, Bloco IV &#8211; Sala 69, T\u00e9rreo<a href=\"https:\/\/goo.gl\/maps\/zYkTfd81sf4hWcta9\" target=\"_blank\" rel=\"noopener\"><img fetchpriority=\"high\" decoding=\"async\" class=\"aligncenter size-medium wp-image-635\" src=\"https:\/\/palotina.ufpr.br\/labmater\/wp-content\/uploads\/sites\/7\/2016\/09\/icone_mapa-300x300.png\" alt=\"icone_mapa\" width=\"300\" height=\"300\" srcset=\"https:\/\/palotina.ufpr.br\/labmater\/wp-content\/uploads\/sites\/7\/2016\/09\/icone_mapa-300x300.png 300w, https:\/\/palotina.ufpr.br\/labmater\/wp-content\/uploads\/sites\/7\/2016\/09\/icone_mapa-150x150.png 150w, https:\/\/palotina.ufpr.br\/labmater\/wp-content\/uploads\/sites\/7\/2016\/09\/icone_mapa.png 512w\" sizes=\"(max-width: 300px) 100vw, 300px\" \/><\/a><\/p>\n<p>&nbsp;<\/p>\n<hr \/>\n<p>Laborat\u00f3rio 2, Edif\u00edcio Semin\u00e1rio &#8211; Audit\u00f3rio, T\u00e9rreo<\/p>\n<p><a href=\"https:\/\/maps.app.goo.gl\/tRBhPv5XZVcZHEpj6\" target=\"_blank\" rel=\"noopener\"><img fetchpriority=\"high\" decoding=\"async\" class=\"aligncenter size-medium wp-image-635\" src=\"https:\/\/palotina.ufpr.br\/labmater\/wp-content\/uploads\/sites\/7\/2016\/09\/icone_mapa-300x300.png\" alt=\"icone_mapa\" width=\"300\" height=\"300\" srcset=\"https:\/\/palotina.ufpr.br\/labmater\/wp-content\/uploads\/sites\/7\/2016\/09\/icone_mapa-300x300.png 300w, https:\/\/palotina.ufpr.br\/labmater\/wp-content\/uploads\/sites\/7\/2016\/09\/icone_mapa-150x150.png 150w, https:\/\/palotina.ufpr.br\/labmater\/wp-content\/uploads\/sites\/7\/2016\/09\/icone_mapa.png 512w\" sizes=\"(max-width: 300px) 100vw, 300px\" \/><\/a><\/p>\n<hr \/>\n<h5><em><strong>Curitiba:<\/strong><\/em><\/h5>\n<p>LABMATER Setor de Tecnologia \u2013 Campus Polit\u00e9cnico, Curitiba<\/p>\n<p><a href=\"https:\/\/maps.app.goo.gl\/H9woJMkSg2RtdQub9\" target=\"_blank\" rel=\"noopener\"><img fetchpriority=\"high\" decoding=\"async\" class=\"aligncenter size-medium wp-image-635\" src=\"https:\/\/palotina.ufpr.br\/labmater\/wp-content\/uploads\/sites\/7\/2016\/09\/icone_mapa-300x300.png\" alt=\"icone_mapa\" width=\"300\" height=\"300\" srcset=\"https:\/\/palotina.ufpr.br\/labmater\/wp-content\/uploads\/sites\/7\/2016\/09\/icone_mapa-300x300.png 300w, https:\/\/palotina.ufpr.br\/labmater\/wp-content\/uploads\/sites\/7\/2016\/09\/icone_mapa-150x150.png 150w, https:\/\/palotina.ufpr.br\/labmater\/wp-content\/uploads\/sites\/7\/2016\/09\/icone_mapa.png 512w\" sizes=\"(max-width: 300px) 100vw, 300px\" \/><\/a><\/p>\n<\/div>\n<\/div>\n","protected":false},"excerpt":{"rendered":"<p>Localiza\u00e7\u00e3o Universidade Federal do Paran\u00e1 &#8211; Setor Palotina\u00a0 \u00a0 \u00a0 \u00a0 \u00a0 \u00a0 \u00a0 \u00a0 \u00a0 \u00a0 \u00a0 \u00a0 \u00a0 \u00a0 \u00a0 \u00a0 \u00a0 \u00a0 \u00a0 \u00a0 \u00a0 \u00a0 \u00a0 \u00a0 \u00a0 \u00a0 \u00a0 \u00a0 \u00a0 \u00a0 \u00a0 \u00a0 \u00a0 \u00a0 \u00a0 \u00a0 \u00a0 \u00a0 \u00a0 \u00a0 \u00a0 \u00a0 \u00a0 \u00a0 \u00a0 \u00a0 \u00a0 \u00a0 &hellip; <a href=\"https:\/\/palotina.ufpr.br\/labmater\/contato\/\">Continue reading <span class=\"meta-nav\">&rarr;<\/span><\/a><\/p>\n","protected":false},"author":1407,"featured_media":0,"parent":0,"menu_order":0,"comment_status":"closed","ping_status":"closed","template":"","meta":{"_acf_changed":false,"footnotes":""},"class_list":["post-55","page","type-page","status-publish","hentry"],"acf":[],"_links":{"self":[{"href":"https:\/\/palotina.ufpr.br\/labmater\/wp-json\/wp\/v2\/pages\/55","targetHints":{"allow":["GET"]}}],"collection":[{"href":"https:\/\/palotina.ufpr.br\/labmater\/wp-json\/wp\/v2\/pages"}],"about":[{"href":"https:\/\/palotina.ufpr.br\/labmater\/wp-json\/wp\/v2\/types\/page"}],"author":[{"embeddable":true,"href":"https:\/\/palotina.ufpr.br\/labmater\/wp-json\/wp\/v2\/users\/1407"}],"replies":[{"embeddable":true,"href":"https:\/\/palotina.ufpr.br\/labmater\/wp-json\/wp\/v2\/comments?post=55"}],"version-history":[{"count":32,"href":"https:\/\/palotina.ufpr.br\/labmater\/wp-json\/wp\/v2\/pages\/55\/revisions"}],"predecessor-version":[{"id":1798,"href":"https:\/\/palotina.ufpr.br\/labmater\/wp-json\/wp\/v2\/pages\/55\/revisions\/1798"}],"wp:attachment":[{"href":"https:\/\/palotina.ufpr.br\/labmater\/wp-json\/wp\/v2\/media?parent=55"}],"curies":[{"name":"wp","href":"https:\/\/api.w.org\/{rel}","templated":true}]}}