{"id":597,"date":"2020-08-11T19:04:19","date_gmt":"2020-08-11T19:04:19","guid":{"rendered":"https:\/\/palotina.ufpr.br\/catprobio\/?page_id=597"},"modified":"2020-11-24T23:20:47","modified_gmt":"2020-11-24T23:20:47","slug":"infraestrutura","status":"publish","type":"page","link":"https:\/\/palotina.ufpr.br\/labmater\/infraestrutura\/","title":{"rendered":"Infraestrutura"},"content":{"rendered":"<p style=\"text-align: justify\">O LABMATER\u00a0 est\u00e1 equipado com:<\/p>\n<ul>\n<li>Cromat\u00f3grafo de fase gasosa (FID\/TCD\/FPD) \u2013 Agilent;<\/li>\n<li>Micro GC DynamiQ-S GC da QMicro, equipado com nano detectores do tipo TCD;<\/li>\n<li>Fisissor\u00e7\u00e3o de N2 (BET e BJH) &#8211; Quantachrome;<\/li>\n<li>Kit analisador de microporos por adsor\u00e7\u00e3o de CO2\u00a0 &#8211; Quantachrome;<\/li>\n<li>Analisador de nanopart\u00edculas (DLS);<\/li>\n<li>Linha de alto v\u00e1cuo para secagem de catalisadores;<\/li>\n<li>Reator de bancada a baixa press\u00e3o para a produ\u00e7\u00e3o de biodiesel;<\/li>\n<li>Reatores (autoclaves) para s\u00edntese de catalisadores (condi\u00e7\u00f5es hidrotermais a baixa press\u00e3o);<\/li>\n<li>Reator de bancada e prot\u00f3tipo em escala piloto para a produ\u00e7\u00e3o de hidrog\u00eanio por reforma a seco do metano (biog\u00e1s);<\/li>\n<li>Reator de alta press\u00e3o do tipo Parr;<\/li>\n<li>Prot\u00f3tipo para adsor\u00e7\u00e3o de gases em s\u00f3lidos porosos em press\u00f5es moderadas;<\/li>\n<li>Balan\u00e7as anal\u00edticas;<\/li>\n<li>Mesa agitadora orbital com controle de temperatura;<\/li>\n<li>Estufas;<\/li>\n<li>PHmetros;<\/li>\n<li>Condutiv\u00edmetro;<\/li>\n<li>Evaporador rotativo;<\/li>\n<li>Mufla;<\/li>\n<li>Centr\u00edfuga;<\/li>\n<li>Moinhos de bolas e de martelos;<\/li>\n<li>Bomba perist\u00e1ltica;<\/li>\n<li>Banho termost\u00e1tico;<\/li>\n<li>Viscos\u00edmetros<\/li>\n<li>Ultrapurificador de \u00e1gua (Milliq).<\/li>\n<\/ul>\n<p style=\"text-align: justify\">Al\u00e9m de outros acess\u00f3rios e materiais de consumo necess\u00e1rios ao seu pleno funcionamento.<\/p>\n","protected":false},"excerpt":{"rendered":"<p>O LABMATER\u00a0 est\u00e1 equipado com: Cromat\u00f3grafo de fase gasosa (FID\/TCD\/FPD) \u2013 Agilent; Micro GC DynamiQ-S GC da QMicro, equipado com nano detectores do tipo TCD; Fisissor\u00e7\u00e3o de N2 (BET e BJH) &#8211; Quantachrome; Kit analisador de microporos por adsor\u00e7\u00e3o de CO2\u00a0 &#8211; Quantachrome; Analisador de nanopart\u00edculas (DLS); Linha de alto v\u00e1cuo para secagem de catalisadores; &hellip; <a href=\"https:\/\/palotina.ufpr.br\/labmater\/infraestrutura\/\">Continue reading <span class=\"meta-nav\">&rarr;<\/span><\/a><\/p>\n","protected":false},"author":1407,"featured_media":0,"parent":0,"menu_order":0,"comment_status":"closed","ping_status":"closed","template":"","meta":{"_acf_changed":false,"footnotes":""},"class_list":["post-597","page","type-page","status-publish","hentry"],"acf":[],"_links":{"self":[{"href":"https:\/\/palotina.ufpr.br\/labmater\/wp-json\/wp\/v2\/pages\/597","targetHints":{"allow":["GET"]}}],"collection":[{"href":"https:\/\/palotina.ufpr.br\/labmater\/wp-json\/wp\/v2\/pages"}],"about":[{"href":"https:\/\/palotina.ufpr.br\/labmater\/wp-json\/wp\/v2\/types\/page"}],"author":[{"embeddable":true,"href":"https:\/\/palotina.ufpr.br\/labmater\/wp-json\/wp\/v2\/users\/1407"}],"replies":[{"embeddable":true,"href":"https:\/\/palotina.ufpr.br\/labmater\/wp-json\/wp\/v2\/comments?post=597"}],"version-history":[{"count":3,"href":"https:\/\/palotina.ufpr.br\/labmater\/wp-json\/wp\/v2\/pages\/597\/revisions"}],"predecessor-version":[{"id":943,"href":"https:\/\/palotina.ufpr.br\/labmater\/wp-json\/wp\/v2\/pages\/597\/revisions\/943"}],"wp:attachment":[{"href":"https:\/\/palotina.ufpr.br\/labmater\/wp-json\/wp\/v2\/media?parent=597"}],"curies":[{"name":"wp","href":"https:\/\/api.w.org\/{rel}","templated":true}]}}