{"id":618,"date":"2022-08-26T08:23:14","date_gmt":"2022-08-26T11:23:14","guid":{"rendered":"https:\/\/palotina.ufpr.br\/lpb\/?page_id=618"},"modified":"2023-05-17T09:25:02","modified_gmt":"2023-05-17T12:25:02","slug":"trabalhos-de-conclusao-de-curso","status":"publish","type":"page","link":"https:\/\/palotina.ufpr.br\/lpb\/trabalhos-de-conclusao-de-curso\/","title":{"rendered":"Trabalhos de conclus\u00e3o de curso"},"content":{"rendered":"\n<p><a href=\"http:\/\/chrome-extension:\/\/efaidnbmnnnibpcajpcglclefindmkaj\/https:\/\/acervodigital.ufpr.br\/bitstream\/handle\/1884\/81488\/R-G-_ANA%20JULIA%20SOARES%20FERMINO.pdf?sequence=1&amp;isAllowed=y\" target=\"_blank\" rel=\"noreferrer noopener\">G\u00e1s natural no Brasil: explora\u00e7\u00e3o e distribui\u00e7\u00e3o (2023).<\/a><\/p>\n\n\n\n<p><a href=\"http:\/\/chrome-extension:\/\/efaidnbmnnnibpcajpcglclefindmkaj\/https:\/\/acervodigital.ufpr.br\/bitstream\/handle\/1884\/81489\/R-G-LUIZ%20ANTONIO%20MARAFON%20BACCA.pdf?sequence=1&amp;isAllowed=y\" target=\"_blank\" rel=\"noreferrer noopener\">Co-digest\u00e3o anaer\u00f3bia de res\u00edduos bovinos e su\u00ednos sob diferentes condi\u00e7\u00f5es de temperatura e agita\u00e7\u00e3o (2023).<\/a><\/p>\n\n\n\n<p><a href=\"https:\/\/palotina.ufpr.br\/lpb\/wp-content\/uploads\/sites\/4\/2022\/10\/TCC_FRANCIELLI.pdf\">Peletiza\u00e7\u00e3o de Cama de Avi\u00e1rio e Lodo Centrifugado em Diferentes Propor\u00e7\u00f5es Comparando a Utiliza\u00e7\u00e3o de Baga\u00e7o de Mandioca e Amido como Aglutinantes<\/a> (2022)<\/p>\n\n\n\n<p><a rel=\"noreferrer noopener\" href=\"https:\/\/acervodigital.ufpr.br\/bitstream\/handle\/1884\/73985\/TCC_Engenharia_de_Energia_2021_1_Victoria_Oliveira_Diaz_de_Lima.pdf?sequence=1&amp;isAllowed=y\" target=\"_blank\">Aproveitamento energ\u00e9tico da cama de avi\u00e1rio por processo de gaseifica\u00e7\u00e3o (2022)<\/a>.<\/p>\n\n\n\n<p><a href=\"http:\/\/chrome-extension:\/\/efaidnbmnnnibpcajpcglclefindmkaj\/https:\/\/acervodigital.ufpr.br\/bitstream\/handle\/1884\/80314\/R-G-PAULO%20ANDRE%20CREMONEZ.pdf?sequence=1&amp;isAllowed=y\" target=\"_blank\" rel=\"noreferrer noopener\">Co-digest\u00e3o Anaer\u00f3bia com Divis\u00e3o de Fases de um Pol\u00edmero Biodegrad\u00e1vel e Polpa de Mam\u00e3o (2022).<\/a><\/p>\n\n\n\n<p><a rel=\"noreferrer noopener\" href=\"https:\/\/acervodigital.ufpr.br\/bitstream\/handle\/1884\/76577\/R-G-ANNA%20MARIA%20REMONTI%20JUPPA.pdf?sequence=1&amp;isAllowed=y\" target=\"_blank\">Produ\u00e7\u00e3o de pellets a partir da biomassa de capim elefante brs kurumi, lodo flotado e baga\u00e7o de mandioca (2022)<\/a>.<\/p>\n\n\n\n<p><a href=\"https:\/\/acervodigital.ufpr.br\/handle\/1884\/73983\">An\u00e1lise da viabilidade t\u00e9cnica de sistemas de refrigera\u00e7\u00e3o por absor\u00e7\u00e3o acionados a biomassa como alternativa para frigor\u00edficos (2021)<\/a>.<\/p>\n\n\n\n<p><a href=\"https:\/\/acervodigital.ufpr.br\/handle\/1884\/73985\">Aproveitamento do potencial energ\u00e9tico da cama de avi\u00e1rio por processo de gaseifica\u00e7\u00e3o (2021).<\/a><\/p>\n\n\n\n<p><a rel=\"noreferrer noopener\" href=\"https:\/\/palotina.ufpr.br\/energiaufpr\/wp-content\/uploads\/sites\/16\/2019\/12\/TCC-Anderson-Heidt-Vers%C3%A3o-Final-Oficial.pdf\" target=\"_blank\">Avalia\u00e7\u00e3o da produ\u00e7\u00e3o de biog\u00e1s por codigest\u00e3o anaer\u00f3bia de poli-hidroxibutirato (PHB) em \u00e1gua residual de suinocultura (ARS) em fase mesof\u00edlica (2019)<\/a>.<\/p>\n\n\n\n<p><a href=\"https:\/\/palotina.ufpr.br\/energiaufpr\/wp-content\/uploads\/sites\/16\/2019\/12\/TCC_Fabiana_de_Marqui_Mantovan.pdf\">Efeito da agita\u00e7\u00e3o na codigest\u00e3o anaer\u00f3bia de dejeto su\u00edno e res\u00edduo alimentar (2019).<\/a><\/p>\n\n\n\n<p>Avalia\u00e7\u00e3o f\u00edsico qu\u00edmica do \u00f3leo extra\u00eddo de sementes de soja org\u00e2nica submetidas a diferentes tratamentos (2017).<\/p>\n\n\n\n<p>Avalia\u00e7\u00e3o f\u00edsico qu\u00edmica do \u00f3leo extra\u00eddo de sementes de soja convencional submetidas a diferentes tratamentos (2017).<\/p>\n\n\n\n<p>Estudo da degrada\u00e7\u00e3o oxidativa de \u00e9steres met\u00edlicos do \u00f3leo de pequi ap\u00f3s diferentes tempos de fritura (2015).<\/p>\n\n\n\n<p>Estudo de agentes adsorventes para pr\u00e9-tratamento de \u00f3leos residuais para a produ\u00e7\u00e3o de biodiesel (2015).<\/p>\n\n\n\n<p>Estudo do teor de \u00f3leo e caracter\u00edsticas f\u00edsico-qu\u00edmicas em diferentes variedades de soja submetidas a diferentes tratamentos agron\u00f4micos (2015).<\/p>\n\n\n\n<p>Influ\u00eancia da fertirriga\u00e7\u00e3o com vinha\u00e7a sobre \u00f3leo e \u00e9steres met\u00edlicos de linha\u00e7a (Linum usitatissimum L.) (2014).<\/p>\n\n\n\n<p>Utiliza\u00e7\u00e3o das cinzas de baga\u00e7o de cana no tratamento de \u00f3leo residual (2014).<\/p>\n\n\n\n<p>Utiliza\u00e7\u00e3o da casca de arroz in natura no tratamento de \u00f3leo residual (2014).<\/p>\n\n\n\n<p>Efici\u00eancia do processo de co-digest\u00e3o anaer\u00f3bia de res\u00edduo de suinocultura e vinha\u00e7a sobre diferentes condi\u00e7\u00f5es de temperatura (2013).<\/p>\n\n\n\n<p>Estudo de agentes adsorventes para a redu\u00e7\u00e3o do \u00edndice de acidez de \u00f3leo residual para a produ\u00e7\u00e3o de biodiesel (2013).<\/p>\n\n\n\n<p>Produ\u00e7\u00e3o e caracteriza\u00e7\u00e3o do biodiesel: estudo e comportamento de antioxidantes antes e ap\u00f3s o processo de produ\u00e7\u00e3o (2013).<\/p>\n\n\n\n<p>Cin\u00e9tica da codigest\u00e3o anaer\u00f3bia de vinha\u00e7a e dejetos de su\u00ednos em fun\u00e7\u00e3o do controle da temperatura (2013).<\/p>\n\n\n\n<p>Efici\u00eancia da degomagem enzim\u00e1tica e influ\u00eancia do f\u00f3sforo no processo produtivo do biodiesel (2012).<\/p>\n","protected":false},"excerpt":{"rendered":"<p>G\u00e1s natural no Brasil: explora\u00e7\u00e3o e distribui\u00e7\u00e3o (2023). Co-digest\u00e3o anaer\u00f3bia de res\u00edduos bovinos e su\u00ednos sob diferentes condi\u00e7\u00f5es de temperatura e agita\u00e7\u00e3o (2023). Peletiza\u00e7\u00e3o de Cama de Avi\u00e1rio e Lodo Centrifugado em Diferentes Propor\u00e7\u00f5es Comparando a Utiliza\u00e7\u00e3o de Baga\u00e7o de Mandioca e Amido como Aglutinantes (2022) Aproveitamento energ\u00e9tico da cama de avi\u00e1rio por processo de &hellip; <a href=\"https:\/\/palotina.ufpr.br\/lpb\/trabalhos-de-conclusao-de-curso\/\">Continue reading <span class=\"meta-nav\">&rarr;<\/span><\/a><\/p>\n","protected":false},"author":16,"featured_media":0,"parent":0,"menu_order":0,"comment_status":"closed","ping_status":"closed","template":"","meta":{"_acf_changed":false,"footnotes":""},"class_list":["post-618","page","type-page","status-publish","hentry"],"acf":[],"_links":{"self":[{"href":"https:\/\/palotina.ufpr.br\/lpb\/wp-json\/wp\/v2\/pages\/618","targetHints":{"allow":["GET"]}}],"collection":[{"href":"https:\/\/palotina.ufpr.br\/lpb\/wp-json\/wp\/v2\/pages"}],"about":[{"href":"https:\/\/palotina.ufpr.br\/lpb\/wp-json\/wp\/v2\/types\/page"}],"author":[{"embeddable":true,"href":"https:\/\/palotina.ufpr.br\/lpb\/wp-json\/wp\/v2\/users\/16"}],"replies":[{"embeddable":true,"href":"https:\/\/palotina.ufpr.br\/lpb\/wp-json\/wp\/v2\/comments?post=618"}],"version-history":[{"count":12,"href":"https:\/\/palotina.ufpr.br\/lpb\/wp-json\/wp\/v2\/pages\/618\/revisions"}],"predecessor-version":[{"id":818,"href":"https:\/\/palotina.ufpr.br\/lpb\/wp-json\/wp\/v2\/pages\/618\/revisions\/818"}],"wp:attachment":[{"href":"https:\/\/palotina.ufpr.br\/lpb\/wp-json\/wp\/v2\/media?parent=618"}],"curies":[{"name":"wp","href":"https:\/\/api.w.org\/{rel}","templated":true}]}}

Trabalhos de conclusão de curso

<p><a href="http://chrome-extension://efaidnbmnnnibpcajpcglclefindmkaj/https://acervodigital.ufpr.br/bitstream/handle/1884/81488/R-G-_ANA%20JULIA%20SOARES%20FERMINO.pdf?sequence=1&amp;isAllowed=y" target="_blank" rel="noreferrer noopener">Gás natural no Brasil: exploração e distribuição (2023).</a></p>



<p><a href="http://chrome-extension://efaidnbmnnnibpcajpcglclefindmkaj/https://acervodigital.ufpr.br/bitstream/handle/1884/81489/R-G-LUIZ%20ANTONIO%20MARAFON%20BACCA.pdf?sequence=1&amp;isAllowed=y" target="_blank" rel="noreferrer noopener">Co-digestão anaeróbia de resíduos bovinos e suínos sob diferentes condições de temperatura e agitação (2023).</a></p>



<p><a href="https://palotina.ufpr.br/lpb/wp-content/uploads/sites/4/2022/10/TCC_FRANCIELLI.pdf">Peletização de Cama de Aviário e Lodo Centrifugado em Diferentes Proporções Comparando a Utilização de Bagaço de Mandioca e Amido como Aglutinantes</a> (2022)</p>



<p><a rel="noreferrer noopener" href="https://acervodigital.ufpr.br/bitstream/handle/1884/73985/TCC_Engenharia_de_Energia_2021_1_Victoria_Oliveira_Diaz_de_Lima.pdf?sequence=1&amp;isAllowed=y" target="_blank">Aproveitamento energético da cama de aviário por processo de gaseificação (2022)</a>.</p>



<p><a href="http://chrome-extension://efaidnbmnnnibpcajpcglclefindmkaj/https://acervodigital.ufpr.br/bitstream/handle/1884/80314/R-G-PAULO%20ANDRE%20CREMONEZ.pdf?sequence=1&amp;isAllowed=y" target="_blank" rel="noreferrer noopener">Co-digestão Anaeróbia com Divisão de Fases de um Polímero Biodegradável e Polpa de Mamão (2022).</a></p>



<p><a rel="noreferrer noopener" href="https://acervodigital.ufpr.br/bitstream/handle/1884/76577/R-G-ANNA%20MARIA%20REMONTI%20JUPPA.pdf?sequence=1&amp;isAllowed=y" target="_blank">Produção de pellets a partir da biomassa de capim elefante brs kurumi, lodo flotado e bagaço de mandioca (2022)</a>.</p>



<p><a href="https://acervodigital.ufpr.br/handle/1884/73983">Análise da viabilidade técnica de sistemas de refrigeração por absorção acionados a biomassa como alternativa para frigoríficos (2021)</a>.</p>



<p><a href="https://acervodigital.ufpr.br/handle/1884/73985">Aproveitamento do potencial energético da cama de aviário por processo de gaseificação (2021).</a></p>



<p><a rel="noreferrer noopener" href="https://palotina.ufpr.br/energiaufpr/wp-content/uploads/sites/16/2019/12/TCC-Anderson-Heidt-Vers%C3%A3o-Final-Oficial.pdf" target="_blank">Avaliação da produção de biogás por codigestão anaeróbia de poli-hidroxibutirato (PHB) em água residual de suinocultura (ARS) em fase mesofílica (2019)</a>.</p>



<p><a href="https://palotina.ufpr.br/energiaufpr/wp-content/uploads/sites/16/2019/12/TCC_Fabiana_de_Marqui_Mantovan.pdf">Efeito da agitação na codigestão anaeróbia de dejeto suíno e resíduo alimentar (2019).</a></p>



<p>Avaliação físico química do óleo extraído de sementes de soja orgânica submetidas a diferentes tratamentos (2017).</p>



<p>Avaliação físico química do óleo extraído de sementes de soja convencional submetidas a diferentes tratamentos (2017).</p>



<p>Estudo da degradação oxidativa de ésteres metílicos do óleo de pequi após diferentes tempos de fritura (2015).</p>



<p>Estudo de agentes adsorventes para pré-tratamento de óleos residuais para a produção de biodiesel (2015).</p>



<p>Estudo do teor de óleo e características físico-químicas em diferentes variedades de soja submetidas a diferentes tratamentos agronômicos (2015).</p>



<p>Influência da fertirrigação com vinhaça sobre óleo e ésteres metílicos de linhaça (Linum usitatissimum L.) (2014).</p>



<p>Utilização das cinzas de bagaço de cana no tratamento de óleo residual (2014).</p>



<p>Utilização da casca de arroz in natura no tratamento de óleo residual (2014).</p>



<p>Eficiência do processo de co-digestão anaeróbia de resíduo de suinocultura e vinhaça sobre diferentes condições de temperatura (2013).</p>



<p>Estudo de agentes adsorventes para a redução do índice de acidez de óleo residual para a produção de biodiesel (2013).</p>



<p>Produção e caracterização do biodiesel: estudo e comportamento de antioxidantes antes e após o processo de produção (2013).</p>



<p>Cinética da codigestão anaeróbia de vinhaça e dejetos de suínos em função do controle da temperatura (2013).</p>



<p>Eficiência da degomagem enzimática e influência do fósforo no processo produtivo do biodiesel (2012).</p>

<p>Gás natural no Brasil: exploração e distribuição (2023). Co-digestão anaeróbia de resíduos bovinos e suínos sob diferentes condições de temperatura e agitação (2023). Peletização de Cama de Aviário e Lodo Centrifugado em Diferentes Proporções Comparando a Utilização de Bagaço de Mandioca e Amido como Aglutinantes (2022) Aproveitamento energético da cama de aviário por processo de &hellip; <a href="https://palotina.ufpr.br/lpb/trabalhos-de-conclusao-de-curso/">Continue reading <span class="meta-nav">&rarr;</span></a></p>
