{"id":633,"date":"2022-08-26T08:40:40","date_gmt":"2022-08-26T11:40:40","guid":{"rendered":"https:\/\/palotina.ufpr.br\/lpb\/?page_id=633"},"modified":"2022-08-29T08:49:37","modified_gmt":"2022-08-29T11:49:37","slug":"assessoria-tecnica-e-consultorias","status":"publish","type":"page","link":"https:\/\/palotina.ufpr.br\/lpb\/assessoria-tecnica-e-consultorias\/","title":{"rendered":"Assessoria t\u00e9cnica e consultorias"},"content":{"rendered":"\n<p>A equipe t\u00e9cnica do LPB, apoiada por alunos de gradua\u00e7\u00e3o e p\u00f3s-gradua\u00e7\u00e3o, atua na presta\u00e7\u00e3o de servi\u00e7os t\u00e9cnicos especializados nas \u00e1reas de compet\u00eancia do laborat\u00f3rio, sendo elas:&nbsp; I. Combust\u00edveis e energias renov\u00e1veis; II. Processos de convers\u00e3o e uso racional de energia; III. Meio Ambiente e Sustentabilidade; e IV. Valora\u00e7\u00e3o de res\u00edduos agroindustriais.&nbsp;<\/p>\n\n\n\n<p>Abaixo s\u00e3o apresentados exemplos de escopos de servi\u00e7os t\u00e9cnicos prestados pela equipe do LPB:<\/p>\n\n\n\n<ul class=\"wp-block-list\"><li><strong>Diagn\u00f3stico energ\u00e9tico de unidades geradoras de vapor:<\/strong> contempla o levantamento de dados em campo, incluindo monitoramento de emiss\u00f5es gasosas, caracteriza\u00e7\u00e3o dos combust\u00edveis e cinzas, e o c\u00e1lculo das perdas de energia e efici\u00eancia energ\u00e9tica da unidade. Contempla tamb\u00e9m a proposi\u00e7\u00e3o de medidas para melhoria do desempenho do sistema. Trabalho realizado por pesquisador com o apoio de alunos.&nbsp;<\/li><\/ul>\n\n\n\n<ul class=\"wp-block-list\"><li><strong>Projetos de efici\u00eancia energ\u00e9tica:<\/strong> inclui medi\u00e7\u00f5es de energia, an\u00e1lise de usos finais, an\u00e1lise da gera\u00e7\u00e3o de energia in loco e proposi\u00e7\u00e3o de medidas de efici\u00eancia energ\u00e9tica para a instala\u00e7\u00e3o. Trabalho realizado por pesquisador com o apoio de alunos.&nbsp;<\/li><li><strong>Consultorias em produ\u00e7\u00e3o de biog\u00e1s:<\/strong> contempla a tomada de amostras em campo, caracteriza\u00e7\u00e3o de substratos, biog\u00e1s e res\u00edduos, e proposi\u00e7\u00e3o de medidas para melhoria do desempenho do sistema. Trabalho realizado por pesquisador com o apoio de alunos.&nbsp;<\/li><\/ul>\n\n\n\n<p>Para contrata\u00e7\u00e3o de servi\u00e7os, agendamento ou mais informa\u00e7\u00f5es, entre em contato conosco.<\/p>\n","protected":false},"excerpt":{"rendered":"<p>A equipe t\u00e9cnica do LPB, apoiada por alunos de gradua\u00e7\u00e3o e p\u00f3s-gradua\u00e7\u00e3o, atua na presta\u00e7\u00e3o de servi\u00e7os t\u00e9cnicos especializados nas \u00e1reas de compet\u00eancia do laborat\u00f3rio, sendo elas:&nbsp; I. Combust\u00edveis e energias renov\u00e1veis; II. Processos de convers\u00e3o e uso racional de energia; III. Meio Ambiente e Sustentabilidade; e IV. Valora\u00e7\u00e3o de res\u00edduos agroindustriais.&nbsp; Abaixo s\u00e3o apresentados &hellip; <a href=\"https:\/\/palotina.ufpr.br\/lpb\/assessoria-tecnica-e-consultorias\/\">Continue reading <span class=\"meta-nav\">&rarr;<\/span><\/a><\/p>\n","protected":false},"author":16,"featured_media":0,"parent":0,"menu_order":0,"comment_status":"closed","ping_status":"closed","template":"","meta":{"_acf_changed":false,"footnotes":""},"class_list":["post-633","page","type-page","status-publish","hentry"],"acf":[],"_links":{"self":[{"href":"https:\/\/palotina.ufpr.br\/lpb\/wp-json\/wp\/v2\/pages\/633","targetHints":{"allow":["GET"]}}],"collection":[{"href":"https:\/\/palotina.ufpr.br\/lpb\/wp-json\/wp\/v2\/pages"}],"about":[{"href":"https:\/\/palotina.ufpr.br\/lpb\/wp-json\/wp\/v2\/types\/page"}],"author":[{"embeddable":true,"href":"https:\/\/palotina.ufpr.br\/lpb\/wp-json\/wp\/v2\/users\/16"}],"replies":[{"embeddable":true,"href":"https:\/\/palotina.ufpr.br\/lpb\/wp-json\/wp\/v2\/comments?post=633"}],"version-history":[{"count":4,"href":"https:\/\/palotina.ufpr.br\/lpb\/wp-json\/wp\/v2\/pages\/633\/revisions"}],"predecessor-version":[{"id":742,"href":"https:\/\/palotina.ufpr.br\/lpb\/wp-json\/wp\/v2\/pages\/633\/revisions\/742"}],"wp:attachment":[{"href":"https:\/\/palotina.ufpr.br\/lpb\/wp-json\/wp\/v2\/media?parent=633"}],"curies":[{"name":"wp","href":"https:\/\/api.w.org\/{rel}","templated":true}]}}