{"id":67,"date":"2016-06-28T16:00:46","date_gmt":"2016-06-28T19:00:46","guid":{"rendered":"https:\/\/palotina.ufpr.br\/lpb\/?page_id=67"},"modified":"2022-09-16T14:31:03","modified_gmt":"2022-09-16T17:31:03","slug":"quem-somos","status":"publish","type":"page","link":"https:\/\/palotina.ufpr.br\/lpb\/","title":{"rendered":"Home"},"content":{"rendered":"<div id=\"WRchTxtd-php\" class=\"s12\">\n<h5 class=\"font_5\"><img fetchpriority=\"high\" decoding=\"async\" class=\"alignnone size-medium wp-image-373 aligncenter\" src=\"https:\/\/palotina.ufpr.br\/lpb\/wp-content\/uploads\/sites\/4\/2016\/06\/logos_LPB-horizontal_color-300x188.png\" alt=\"logos_LPB-horizontal_color\" width=\"300\" height=\"188\" srcset=\"https:\/\/palotina.ufpr.br\/lpb\/wp-content\/uploads\/sites\/4\/2016\/06\/logos_LPB-horizontal_color-300x188.png 300w, https:\/\/palotina.ufpr.br\/lpb\/wp-content\/uploads\/sites\/4\/2016\/06\/logos_LPB-horizontal_color.png 473w\" sizes=\"(max-width: 300px) 100vw, 300px\" \/><\/h5>\n<\/div>\n<div id=\"WRchTxte-ad2\" class=\"s12\">\n<p class=\"font_8\" style=\"text-align: left\">O Laborat\u00f3rio de Produ\u00e7\u00e3o de Biocombust\u00edveis (LPB) \u00e9 um centro de converg\u00eancia para estudos e projetos que tenham como objetivo o desenvolvimento de ci\u00eancia e tecnologia nas \u00e1reas de: I. Combust\u00edveis e energias renov\u00e1veis; II. Processos de convers\u00e3o e uso racional de energia; III. Meio Ambiente e Sustentabilidade e IV. Valora\u00e7\u00e3o de res\u00edduos agroindustriais.<\/p>\n<p>S\u00e3o objetivos do LPB:<\/p>\n<ul>\n<li>incentivar e fomentar o desenvolvimento de projetos de Inicia\u00e7\u00e3o Cient\u00edfica e Tecnol\u00f3gica, Extens\u00e3o, Mestrado e Doutorado, relacionados \u00e0s demandas e aplica\u00e7\u00f5es tecnol\u00f3gicas nas \u00e1reas de especialidade do LPB para a sociedade;<\/li>\n<li>desenvolver estudos de caso, consultorias e livre demanda de \u00f3rg\u00e3os p\u00fablicos e da iniciativa privada referente \u00e0s an\u00e1lises normatizadas, de metodologia desenvolvida internamente ou relacionadas \u00e0s especialidades do LPB;<\/li>\n<li>promover o fortalecimento e o desenvolvimento de inova\u00e7\u00e3o cient\u00edfica e tecnol\u00f3gica no \u00e2mbito das linhas de pesquisa e \u00e1reas de atua\u00e7\u00e3o do laborat\u00f3rio, especialmente junto aos Cursos de P\u00f3s-Gradua\u00e7\u00e3o da UFPR, outras IES, ICTs e empresas privadas parceiras;<\/li>\n<li>desenvolver e fomentar projetos interdisciplinares entre programas de p\u00f3s-gradua\u00e7\u00e3o da UFPR ou com outras IES ou ICTs;<\/li>\n<li>desenvolver projetos em parceria com \u00f3rg\u00e3os p\u00fablicos e iniciativa privada, atendendo demandas em temas de compet\u00eancia do LPB;<\/li>\n<li>promover a forma\u00e7\u00e3o de profissionais alinhados com a demanda de mercado, tanto do ponto de vista t\u00e9cnico quanto cient\u00edfico;<\/li>\n<li>contribuir para a gera\u00e7\u00e3o de produtos cient\u00edficos como artigos, disserta\u00e7\u00f5es e teses, relat\u00f3rios t\u00e9cnicos, relat\u00f3rios de ensaios, normas t\u00e9cnicas, metodologias internas, modelos de utilidade, desenhos industriais, prot\u00f3tipos, patentes de produto e de processo.<\/li>\n<\/ul>\n<\/div>\n","protected":false},"excerpt":{"rendered":"<p>O Laborat\u00f3rio de Produ\u00e7\u00e3o de Biocombust\u00edveis (LPB) \u00e9 um centro de converg\u00eancia para estudos e projetos que tenham como objetivo o desenvolvimento de ci\u00eancia e tecnologia nas \u00e1reas de: I. Combust\u00edveis e energias renov\u00e1veis; II. Processos de convers\u00e3o e uso racional de energia; III. Meio Ambiente e Sustentabilidade e IV. Valora\u00e7\u00e3o de res\u00edduos agroindustriais. S\u00e3o &hellip; <a href=\"https:\/\/palotina.ufpr.br\/lpb\/\">Continue reading <span class=\"meta-nav\">&rarr;<\/span><\/a><\/p>\n","protected":false},"author":1397,"featured_media":0,"parent":0,"menu_order":0,"comment_status":"closed","ping_status":"closed","template":"","meta":{"_acf_changed":false,"footnotes":""},"class_list":["post-67","page","type-page","status-publish","hentry"],"acf":[],"_links":{"self":[{"href":"https:\/\/palotina.ufpr.br\/lpb\/wp-json\/wp\/v2\/pages\/67","targetHints":{"allow":["GET"]}}],"collection":[{"href":"https:\/\/palotina.ufpr.br\/lpb\/wp-json\/wp\/v2\/pages"}],"about":[{"href":"https:\/\/palotina.ufpr.br\/lpb\/wp-json\/wp\/v2\/types\/page"}],"author":[{"embeddable":true,"href":"https:\/\/palotina.ufpr.br\/lpb\/wp-json\/wp\/v2\/users\/1397"}],"replies":[{"embeddable":true,"href":"https:\/\/palotina.ufpr.br\/lpb\/wp-json\/wp\/v2\/comments?post=67"}],"version-history":[{"count":17,"href":"https:\/\/palotina.ufpr.br\/lpb\/wp-json\/wp\/v2\/pages\/67\/revisions"}],"predecessor-version":[{"id":794,"href":"https:\/\/palotina.ufpr.br\/lpb\/wp-json\/wp\/v2\/pages\/67\/revisions\/794"}],"wp:attachment":[{"href":"https:\/\/palotina.ufpr.br\/lpb\/wp-json\/wp\/v2\/media?parent=67"}],"curies":[{"name":"wp","href":"https:\/\/api.w.org\/{rel}","templated":true}]}}