{"id":17,"date":"2016-10-18T13:28:04","date_gmt":"2016-10-18T13:28:04","guid":{"rendered":"https:\/\/palotina.ufpr.br\/tetrahedron\/?page_id=17"},"modified":"2022-11-01T17:42:29","modified_gmt":"2022-11-01T17:42:29","slug":"home","status":"publish","type":"page","link":"https:\/\/palotina.ufpr.br\/tetrahedron\/","title":{"rendered":"HOME"},"content":{"rendered":"\t\t<div data-elementor-type=\"wp-page\" data-elementor-id=\"17\" class=\"elementor elementor-17\">\n\t\t\t\t\t\t<section class=\"elementor-section elementor-top-section elementor-element elementor-element-3c615f1b elementor-section-boxed elementor-section-height-default elementor-section-height-default\" data-id=\"3c615f1b\" data-element_type=\"section\" data-e-type=\"section\">\n\t\t\t\t\t\t<div class=\"elementor-container elementor-column-gap-default\">\n\t\t\t\t\t<div class=\"elementor-column elementor-col-100 elementor-top-column elementor-element elementor-element-3a049326\" data-id=\"3a049326\" data-element_type=\"column\" data-e-type=\"column\">\n\t\t\t<div class=\"elementor-widget-wrap elementor-element-populated\">\n\t\t\t\t\t\t<div class=\"elementor-element elementor-element-21a9917b elementor-widget elementor-widget-text-editor\" data-id=\"21a9917b\" data-element_type=\"widget\" data-e-type=\"widget\" data-widget_type=\"text-editor.default\">\n\t\t\t\t<div class=\"elementor-widget-container\">\n\t\t\t\t\t\t\t\t\t<img fetchpriority=\"high\" decoding=\"async\" class=\"alignnone size-medium wp-image-857\" src=\"https:\/\/palotina.ufpr.br\/tetrahedron\/wp-content\/uploads\/sites\/14\/2016\/10\/logo-oficial-300x281.png\" alt=\"logo oficial\" width=\"300\" height=\"281\" srcset=\"https:\/\/palotina.ufpr.br\/tetrahedron\/wp-content\/uploads\/sites\/14\/2016\/10\/logo-oficial-300x281.png 300w, https:\/\/palotina.ufpr.br\/tetrahedron\/wp-content\/uploads\/sites\/14\/2016\/10\/logo-oficial.png 722w\" sizes=\"(max-width: 300px) 100vw, 300px\" \/>\n\nMuito obrigado por visitar o nosso Site. Seja bem vindo!\n\n<hr>\n\nO Grupo de Pesquisa em Qu\u00edmica Org\u00e2nica, Biol\u00f3gica e Computacional foi fundado na UFPR Setor Palotina em 19 de maio de 2014 e esta situado no Bloco da Qu\u00edmica, pertencente ao Departamento de Engenharias e Exatas da UFPR Setor Palotina. (Palotina, Paran\u00e1, Brasil). Atualmente o nosso grupo possui alunos de diversos cursos de gradua\u00e7\u00e3o (Ci\u00eancias Exatas, Agronomia, Engenharia de Energias Renov\u00e1veis e Biotecnologia) desenvolvendo trabalhos de pesquisa nas \u00e1reas de Qu\u00edmica de Produtos Naturais, S\u00edntese Org\u00e2nica, Biocat\u00e1lise e Qu\u00edmica Qu\u00e2ntica Computacional.\n\nPara mais informa\u00e7\u00f5es, utilize nossas abas acima. Obrigado.\n\n<hr>\n\n<h3><\/h3>\t\t\t\t\t\t\t\t<\/div>\n\t\t\t\t<\/div>\n\t\t\t\t\t<\/div>\n\t\t<\/div>\n\t\t\t\t\t<\/div>\n\t\t<\/section>\n\t\t\t\t<section class=\"elementor-section elementor-top-section elementor-element elementor-element-9d77a44 elementor-section-boxed elementor-section-height-default elementor-section-height-default\" data-id=\"9d77a44\" data-element_type=\"section\" data-e-type=\"section\">\n\t\t\t\t\t\t<div class=\"elementor-container elementor-column-gap-default\">\n\t\t\t\t\t<div class=\"elementor-column elementor-col-100 elementor-top-column elementor-element elementor-element-9c2aeb9\" data-id=\"9c2aeb9\" data-element_type=\"column\" data-e-type=\"column\">\n\t\t\t<div class=\"elementor-widget-wrap elementor-element-populated\">\n\t\t\t\t\t\t<div class=\"elementor-element elementor-element-abd2815 elementor-widget elementor-widget-text-editor\" data-id=\"abd2815\" data-element_type=\"widget\" data-e-type=\"widget\" data-widget_type=\"text-editor.default\">\n\t\t\t\t<div class=\"elementor-widget-container\">\n\t\t\t\t\t\t\t\t\t<h2 style=\"color: #4a474b;font-family: Lato, sans-serif;text-align: center\">MISS\u00c3O<\/h2><p style=\"color: #4a474b;font-family: Lato, sans-serif;text-align: center\"><em>Reformular o campo da qu\u00edmica treinando e educando a pr\u00f3xima gera\u00e7\u00e3o de pesquisadores por meio de nossas descobertas e adotando diversas perspectivas de como resolvemos problemas.<\/em><\/p><p style=\"color: #4a474b;font-family: Lato, sans-serif;text-align: center\"><span style=\"font-weight: bold\">&gt;&gt;&gt; Educa\u00e7\u00e3o &lt;&lt;&lt;<\/span><br \/>Acreditamos que a educa\u00e7\u00e3o \u00e9 a pedra angular da excel\u00eancia cient\u00edfica e que, sendo melhores professores, nos tornamos melhores alunos. A educa\u00e7\u00e3o \u00e9 um processo cont\u00ednuo envolvendo orienta\u00e7\u00e3o cont\u00ednua, aprendendo uns com os outros e expandindo o campo da qu\u00edmica por meio de divulga\u00e7\u00e3o.<\/p><p style=\"color: #4a474b;font-family: Lato, sans-serif;text-align: center\"><span style=\"font-weight: bold\">&gt;&gt;&gt; Patrim\u00f4nio &lt;&lt;&lt;<\/span><br \/>Reconhecemos que a comunidade qu\u00edmica muitas vezes deixa de ser um lugar em que todas as pessoas, independentemente da identidade social, sejam apoiadas em pesquisas cient\u00edficas. Acreditamos na constru\u00e7\u00e3o de uma comunidade diversificada, enraizada na equidade, livre de barreiras sist\u00eamicas, onde todos se sintam confort\u00e1veis e seguros.<\/p><p style=\"color: #4a474b;font-family: Lato, sans-serif;text-align: center\"><span style=\"font-weight: bold\">&gt;&gt;&gt; Bem-estar &lt;&lt;&lt;<\/span><br \/>Acreditamos em promover uma comunidade que reconhe\u00e7a os desafios mentais, emocionais e f\u00edsicos enfrentados por pessoas de todas as origens e apoie o bem-estar de seus membros. N\u00f3s nos esfor\u00e7amos por uma comunidade onde as pessoas possam cuidar de si mesmas e dos outros, dentro e fora do laborat\u00f3rio.<\/p>\t\t\t\t\t\t\t\t<\/div>\n\t\t\t\t<\/div>\n\t\t\t\t\t<\/div>\n\t\t<\/div>\n\t\t\t\t\t<\/div>\n\t\t<\/section>\n\t\t\t\t<\/div>\n\t\t","protected":false},"excerpt":{"rendered":"<p>Muito obrigado por visitar o nosso Site. Seja bem vindo! O Grupo de Pesquisa em Qu\u00edmica Org\u00e2nica, Biol\u00f3gica e Computacional foi fundado na UFPR Setor Palotina em 19 de maio de 2014 e esta situado no Bloco da Qu\u00edmica, pertencente ao Departamento de Engenharias e Exatas da UFPR Setor Palotina. (Palotina, Paran\u00e1, Brasil). Atualmente o &hellip; <\/p>\n<p><a class=\"more-link btn\" href=\"https:\/\/palotina.ufpr.br\/tetrahedron\/\">Continue lendo<\/a><\/p>\n","protected":false},"author":1412,"featured_media":0,"parent":0,"menu_order":1,"comment_status":"closed","ping_status":"closed","template":"","meta":{"_acf_changed":false,"footnotes":""},"class_list":["post-17","page","type-page","status-publish","hentry","nodate","item-wrap"],"acf":[],"_links":{"self":[{"href":"https:\/\/palotina.ufpr.br\/tetrahedron\/wp-json\/wp\/v2\/pages\/17","targetHints":{"allow":["GET"]}}],"collection":[{"href":"https:\/\/palotina.ufpr.br\/tetrahedron\/wp-json\/wp\/v2\/pages"}],"about":[{"href":"https:\/\/palotina.ufpr.br\/tetrahedron\/wp-json\/wp\/v2\/types\/page"}],"author":[{"embeddable":true,"href":"https:\/\/palotina.ufpr.br\/tetrahedron\/wp-json\/wp\/v2\/users\/1412"}],"replies":[{"embeddable":true,"href":"https:\/\/palotina.ufpr.br\/tetrahedron\/wp-json\/wp\/v2\/comments?post=17"}],"version-history":[{"count":28,"href":"https:\/\/palotina.ufpr.br\/tetrahedron\/wp-json\/wp\/v2\/pages\/17\/revisions"}],"predecessor-version":[{"id":1639,"href":"https:\/\/palotina.ufpr.br\/tetrahedron\/wp-json\/wp\/v2\/pages\/17\/revisions\/1639"}],"wp:attachment":[{"href":"https:\/\/palotina.ufpr.br\/tetrahedron\/wp-json\/wp\/v2\/media?parent=17"}],"curies":[{"name":"wp","href":"https:\/\/api.w.org\/{rel}","templated":true}]}}