{"id":269,"date":"2017-02-24T15:52:32","date_gmt":"2017-02-24T15:52:32","guid":{"rendered":"https:\/\/palotina.ufpr.br\/tetrahedron\/?page_id=269"},"modified":"2023-04-26T23:30:06","modified_gmt":"2023-04-26T23:30:06","slug":"introducao-a-sintese-organica","status":"publish","type":"page","link":"https:\/\/palotina.ufpr.br\/tetrahedron\/introducao-a-sintese-organica\/","title":{"rendered":"Introdu\u00e7\u00e3o a S\u00edntese Org\u00e2nica"},"content":{"rendered":"","protected":true},"excerpt":{"rendered":"","protected":true},"author":1412,"featured_media":0,"parent":0,"menu_order":0,"comment_status":"closed","ping_status":"closed","template":"","meta":{"_acf_changed":false,"footnotes":""},"class_list":["post-269","page","type-page","status-publish","post-password-required","hentry","nodate","item-wrap"],"acf":[],"_links":{"self":[{"href":"https:\/\/palotina.ufpr.br\/tetrahedron\/wp-json\/wp\/v2\/pages\/269","targetHints":{"allow":["GET"]}}],"collection":[{"href":"https:\/\/palotina.ufpr.br\/tetrahedron\/wp-json\/wp\/v2\/pages"}],"about":[{"href":"https:\/\/palotina.ufpr.br\/tetrahedron\/wp-json\/wp\/v2\/types\/page"}],"author":[{"embeddable":true,"href":"https:\/\/palotina.ufpr.br\/tetrahedron\/wp-json\/wp\/v2\/users\/1412"}],"replies":[{"embeddable":true,"href":"https:\/\/palotina.ufpr.br\/tetrahedron\/wp-json\/wp\/v2\/comments?post=269"}],"version-history":[{"count":4,"href":"https:\/\/palotina.ufpr.br\/tetrahedron\/wp-json\/wp\/v2\/pages\/269\/revisions"}],"predecessor-version":[{"id":2015,"href":"https:\/\/palotina.ufpr.br\/tetrahedron\/wp-json\/wp\/v2\/pages\/269\/revisions\/2015"}],"wp:attachment":[{"href":"https:\/\/palotina.ufpr.br\/tetrahedron\/wp-json\/wp\/v2\/media?parent=269"}],"curies":[{"name":"wp","href":"https:\/\/api.w.org\/{rel}","templated":true}]}}