{"id":34,"date":"2016-10-18T13:41:40","date_gmt":"2016-10-18T13:41:40","guid":{"rendered":"https:\/\/palotina.ufpr.br\/tetrahedron\/?page_id=34"},"modified":"2025-03-20T18:22:00","modified_gmt":"2025-03-20T18:22:00","slug":"prof-isac","status":"publish","type":"page","link":"https:\/\/palotina.ufpr.br\/tetrahedron\/prof-isac\/","title":{"rendered":"Prof. Isac"},"content":{"rendered":"<p style=\"text-align: left\"><img fetchpriority=\"high\" decoding=\"async\" class=\" wp-image-88 alignleft\" src=\"https:\/\/palotina.ufpr.br\/tetrahedron\/wp-content\/uploads\/sites\/14\/2016\/10\/e5f242_3fa81861b1c043a294df7487deb1514a.jpg\" alt=\"e5f242_3fa81861b1c043a294df7487deb1514a\" width=\"287\" height=\"287\" srcset=\"https:\/\/palotina.ufpr.br\/tetrahedron\/wp-content\/uploads\/sites\/14\/2016\/10\/e5f242_3fa81861b1c043a294df7487deb1514a.jpg 271w, https:\/\/palotina.ufpr.br\/tetrahedron\/wp-content\/uploads\/sites\/14\/2016\/10\/e5f242_3fa81861b1c043a294df7487deb1514a-150x150.jpg 150w\" sizes=\"(max-width: 287px) 100vw, 287px\" \/>Isac G. Rosset nasceu em Gua\u00edra (PR) em 1987. Completou sua gradua\u00e7\u00e3o em Qu\u00edmica na UEMS sob a orienta\u00e7\u00e3o do Prof. A. H. Jeller onde desenvolveu inicia\u00e7\u00e3o cient\u00edfica em Qu\u00edmica de Produtos Naturais. Possu\u00ed Mestrado em Qu\u00edmica Org\u00e2nica pelo IQSC-USP sob a orienta\u00e7\u00e3o do Prof. A. L. M. Porto, trabalhando com produ\u00e7\u00e3o de biodiesel catalisada por enzimas. Em 2015 completou seu doutorado em Qu\u00edmica Org\u00e2nica e Biol\u00f3gica tamb\u00e9m pelo IQSC-USP sobre a supervis\u00e3o do Prof. A. C. B. Burtoloso. Seu trabalho de doutorado foi baseado na investiga\u00e7\u00e3o de novas metodologias para a s\u00edntese de alcaloides pirrolid\u00ednicos e piperid\u00ednicos empregando diazocetonas alfa,beta-insaturadas como reagentes multifuncionais. Possu\u00ed est\u00e1gio de P\u00f3s-Doutorado pela UFSCar na \u00e1rea de Qu\u00edmica Computacional, onde desenvolveu trabalhos na \u00e1rea de estudos mecan\u00edsticos de rea\u00e7\u00f5es catalisadas por Pd, sob a supervis\u00e3o do Prof. M. A. B. Ferreira. Em 2014 se tornou Professor Assistente de Qu\u00edmica Org\u00e2nica no Departamento de Engenharias e Exatas na Universidade Federal do Paran\u00e1 (UFPR) Setor Palotina. Atualmente \u00e9 Professor Adjunto de Qu\u00edmica Org\u00e2nica e Computacional na UFPR-Palotina. Seus interesses em pesquisa incluem aplica\u00e7\u00e3o de m\u00e9todos de qu\u00edmica computacional no estudo da forma\u00e7\u00e3o de mol\u00e9culas org\u00e2nicas (mecanismos), nanomateriais, biomol\u00e9culas e espectroscopia de Resson\u00e2ncia Magn\u00e9tica Nuclear.<\/p>\n<p style=\"text-align: left\"><a href=\"http:\/\/lattes.cnpq.br\/4493032120506685\" target=\"_blank\" rel=\"noopener\">Curr\u00edculo Lattes<\/a><\/p>\n","protected":false},"excerpt":{"rendered":"<p>Isac G. Rosset nasceu em Gua\u00edra (PR) em 1987. Completou sua gradua\u00e7\u00e3o em Qu\u00edmica na UEMS sob a orienta\u00e7\u00e3o do Prof. A. H. Jeller onde desenvolveu inicia\u00e7\u00e3o cient\u00edfica em Qu\u00edmica de Produtos Naturais. Possu\u00ed Mestrado em Qu\u00edmica Org\u00e2nica pelo IQSC-USP sob a orienta\u00e7\u00e3o do Prof. A. L. M. Porto, trabalhando com produ\u00e7\u00e3o de biodiesel catalisada &hellip; <\/p>\n<p><a class=\"more-link btn\" href=\"https:\/\/palotina.ufpr.br\/tetrahedron\/prof-isac\/\">Continue lendo<\/a><\/p>\n","protected":false},"author":1412,"featured_media":0,"parent":0,"menu_order":0,"comment_status":"closed","ping_status":"closed","template":"","meta":{"_acf_changed":false,"footnotes":""},"class_list":["post-34","page","type-page","status-publish","hentry","nodate","item-wrap"],"acf":[],"_links":{"self":[{"href":"https:\/\/palotina.ufpr.br\/tetrahedron\/wp-json\/wp\/v2\/pages\/34","targetHints":{"allow":["GET"]}}],"collection":[{"href":"https:\/\/palotina.ufpr.br\/tetrahedron\/wp-json\/wp\/v2\/pages"}],"about":[{"href":"https:\/\/palotina.ufpr.br\/tetrahedron\/wp-json\/wp\/v2\/types\/page"}],"author":[{"embeddable":true,"href":"https:\/\/palotina.ufpr.br\/tetrahedron\/wp-json\/wp\/v2\/users\/1412"}],"replies":[{"embeddable":true,"href":"https:\/\/palotina.ufpr.br\/tetrahedron\/wp-json\/wp\/v2\/comments?post=34"}],"version-history":[{"count":13,"href":"https:\/\/palotina.ufpr.br\/tetrahedron\/wp-json\/wp\/v2\/pages\/34\/revisions"}],"predecessor-version":[{"id":2452,"href":"https:\/\/palotina.ufpr.br\/tetrahedron\/wp-json\/wp\/v2\/pages\/34\/revisions\/2452"}],"wp:attachment":[{"href":"https:\/\/palotina.ufpr.br\/tetrahedron\/wp-json\/wp\/v2\/media?parent=34"}],"curies":[{"name":"wp","href":"https:\/\/api.w.org\/{rel}","templated":true}]}}