{"id":779,"date":"2020-01-15T13:52:51","date_gmt":"2020-01-15T13:52:51","guid":{"rendered":"https:\/\/palotina.ufpr.br\/tetrahedron\/?page_id=779"},"modified":"2022-05-25T17:14:53","modified_gmt":"2022-05-25T17:14:53","slug":"softwares","status":"publish","type":"page","link":"https:\/\/palotina.ufpr.br\/tetrahedron\/softwares\/","title":{"rendered":"Links \u00dateis"},"content":{"rendered":"<h3>Nesta p\u00e1gina encontram-se alguns softwares e links \u00fateis para Qu\u00edmica, especialmente Qu\u00edmica Org\u00e2nica<\/h3>\n<hr \/>\n<ul>\n<li>\n<h4><a href=\"https:\/\/drive.google.com\/file\/d\/19sdnWrmgBdX4g1NogoXTGm7E5ATdSyLg\/view?usp=sharing\">ACD\/ChemSketch<\/a> &#8211; Desenho Molecular &#8211; Software para desenho de mol\u00e9culas em 2D e 3D &#8211; <span style=\"color: #0000ff\">Gratuito<\/span><\/h4>\n<\/li>\n<\/ul>\n<hr \/>\n<h3>Links \u00fateis para Qu\u00edmica Computacional<\/h3>\n<ul>\n<li>\n<h4><a href=\"https:\/\/www.basissetexchange.org\/\" target=\"_blank\" rel=\"noopener\">Basis Set Exchange (BSE)<\/a><\/h4>\n<\/li>\n<li>\n<h4><a href=\"http:\/\/cheshirenmr.info\/\" target=\"_blank\" rel=\"noopener\">CHESHIRE CCAT &#8211; Repository for computed NMR scaling factors, with Coupling Constants Added Too<\/a><\/h4>\n<\/li>\n<li>\n<h4><a href=\"https:\/\/docs.google.com\/spreadsheets\/d\/1MsiLxiSf8GZF-d_L_DQR2IYHtlc_Jjzt\/edit#gid=84002846\">Tabela para C\u00e1lculos (Boltzamann) de popula\u00e7\u00e3o de conf\u00f4rmeros<\/a><\/h4>\n<\/li>\n<\/ul>\n<hr \/>\n","protected":false},"excerpt":{"rendered":"<p>Nesta p\u00e1gina encontram-se alguns softwares e links \u00fateis para Qu\u00edmica, especialmente Qu\u00edmica Org\u00e2nica ACD\/ChemSketch &#8211; Desenho Molecular &#8211; Software para desenho de mol\u00e9culas em 2D e 3D &#8211; Gratuito Links \u00fateis para Qu\u00edmica Computacional Basis Set Exchange (BSE) CHESHIRE CCAT &#8211; Repository for computed NMR scaling factors, with Coupling Constants Added Too Tabela para C\u00e1lculos &hellip; <\/p>\n<p><a class=\"more-link btn\" href=\"https:\/\/palotina.ufpr.br\/tetrahedron\/softwares\/\">Continue lendo<\/a><\/p>\n","protected":false},"author":1412,"featured_media":0,"parent":0,"menu_order":0,"comment_status":"closed","ping_status":"closed","template":"","meta":{"_acf_changed":false,"footnotes":""},"class_list":["post-779","page","type-page","status-publish","hentry","nodate","item-wrap"],"acf":[],"_links":{"self":[{"href":"https:\/\/palotina.ufpr.br\/tetrahedron\/wp-json\/wp\/v2\/pages\/779","targetHints":{"allow":["GET"]}}],"collection":[{"href":"https:\/\/palotina.ufpr.br\/tetrahedron\/wp-json\/wp\/v2\/pages"}],"about":[{"href":"https:\/\/palotina.ufpr.br\/tetrahedron\/wp-json\/wp\/v2\/types\/page"}],"author":[{"embeddable":true,"href":"https:\/\/palotina.ufpr.br\/tetrahedron\/wp-json\/wp\/v2\/users\/1412"}],"replies":[{"embeddable":true,"href":"https:\/\/palotina.ufpr.br\/tetrahedron\/wp-json\/wp\/v2\/comments?post=779"}],"version-history":[{"count":11,"href":"https:\/\/palotina.ufpr.br\/tetrahedron\/wp-json\/wp\/v2\/pages\/779\/revisions"}],"predecessor-version":[{"id":1260,"href":"https:\/\/palotina.ufpr.br\/tetrahedron\/wp-json\/wp\/v2\/pages\/779\/revisions\/1260"}],"wp:attachment":[{"href":"https:\/\/palotina.ufpr.br\/tetrahedron\/wp-json\/wp\/v2\/media?parent=779"}],"curies":[{"name":"wp","href":"https:\/\/api.w.org\/{rel}","templated":true}]}}