{"id":862,"date":"2021-01-05T13:18:13","date_gmt":"2021-01-05T13:18:13","guid":{"rendered":"https:\/\/palotina.ufpr.br\/tetrahedron\/?page_id=862"},"modified":"2025-03-20T18:04:12","modified_gmt":"2025-03-20T18:04:12","slug":"biocatalise","status":"publish","type":"page","link":"https:\/\/palotina.ufpr.br\/tetrahedron\/biocatalise\/","title":{"rendered":"Astroqu\u00edmica e Qu\u00edmica Pr\u00e9-Bi\u00f3tica"},"content":{"rendered":"\t\t<div data-elementor-type=\"wp-page\" data-elementor-id=\"862\" class=\"elementor elementor-862\">\n\t\t\t\t\t\t<section class=\"elementor-section elementor-top-section elementor-element elementor-element-332f08e elementor-section-boxed elementor-section-height-default elementor-section-height-default\" data-id=\"332f08e\" data-element_type=\"section\" data-e-type=\"section\">\n\t\t\t\t\t\t<div class=\"elementor-container elementor-column-gap-default\">\n\t\t\t\t\t<div class=\"elementor-column elementor-col-100 elementor-top-column elementor-element elementor-element-60c071fe\" data-id=\"60c071fe\" data-element_type=\"column\" data-e-type=\"column\">\n\t\t\t<div class=\"elementor-widget-wrap elementor-element-populated\">\n\t\t\t\t\t\t<div class=\"elementor-element elementor-element-2d4edf03 elementor-widget elementor-widget-text-editor\" data-id=\"2d4edf03\" data-element_type=\"widget\" data-e-type=\"widget\" data-widget_type=\"text-editor.default\">\n\t\t\t\t<div class=\"elementor-widget-container\">\n\t\t\t\t\t\t\t\t\t<h2><img fetchpriority=\"high\" decoding=\"async\" class=\"wp-image-2080 size-medium aligncenter\" style=\"font-size: 16px\" src=\"https:\/\/palotina.ufpr.br\/tetrahedron\/wp-content\/uploads\/sites\/14\/2023\/08\/cosmic-matter-300x227.jpg\" alt=\"\" width=\"300\" height=\"227\" srcset=\"https:\/\/palotina.ufpr.br\/tetrahedron\/wp-content\/uploads\/sites\/14\/2023\/08\/cosmic-matter-300x227.jpg 300w, https:\/\/palotina.ufpr.br\/tetrahedron\/wp-content\/uploads\/sites\/14\/2023\/08\/cosmic-matter.jpg 605w\" sizes=\"(max-width: 300px) 100vw, 300px\" \/><\/h2><h4><span style=\"font-weight: normal\">Nesta \u00e1rea, investigamos a forma\u00e7\u00e3o de mol\u00e9culas org\u00e2nicas no meio interestelar, atmosferas planet\u00e1rias e demais corpos celestes. O priincipal objetivo \u00e9 entender a forma\u00e7\u00e3o, bem como a abund\u00e2ncia dessas mol\u00e9culas, com enfoque em mol\u00e9culas de interesse a forma\u00e7\u00e3o de vida.<\/span><\/h4>\t\t\t\t\t\t\t\t<\/div>\n\t\t\t\t<\/div>\n\t\t\t\t\t<\/div>\n\t\t<\/div>\n\t\t\t\t\t<\/div>\n\t\t<\/section>\n\t\t\t\t<\/div>\n\t\t","protected":false},"excerpt":{"rendered":"<p>Nesta \u00e1rea, investigamos a forma\u00e7\u00e3o de mol\u00e9culas org\u00e2nicas no meio interestelar, atmosferas planet\u00e1rias e demais corpos celestes. O priincipal objetivo \u00e9 entender a forma\u00e7\u00e3o, bem como a abund\u00e2ncia dessas mol\u00e9culas, com enfoque em mol\u00e9culas de interesse a forma\u00e7\u00e3o de vida.<\/p>\n","protected":false},"author":1412,"featured_media":0,"parent":0,"menu_order":0,"comment_status":"closed","ping_status":"closed","template":"","meta":{"_acf_changed":false,"footnotes":""},"class_list":["post-862","page","type-page","status-publish","hentry","nodate","item-wrap"],"acf":[],"_links":{"self":[{"href":"https:\/\/palotina.ufpr.br\/tetrahedron\/wp-json\/wp\/v2\/pages\/862","targetHints":{"allow":["GET"]}}],"collection":[{"href":"https:\/\/palotina.ufpr.br\/tetrahedron\/wp-json\/wp\/v2\/pages"}],"about":[{"href":"https:\/\/palotina.ufpr.br\/tetrahedron\/wp-json\/wp\/v2\/types\/page"}],"author":[{"embeddable":true,"href":"https:\/\/palotina.ufpr.br\/tetrahedron\/wp-json\/wp\/v2\/users\/1412"}],"replies":[{"embeddable":true,"href":"https:\/\/palotina.ufpr.br\/tetrahedron\/wp-json\/wp\/v2\/comments?post=862"}],"version-history":[{"count":21,"href":"https:\/\/palotina.ufpr.br\/tetrahedron\/wp-json\/wp\/v2\/pages\/862\/revisions"}],"predecessor-version":[{"id":2441,"href":"https:\/\/palotina.ufpr.br\/tetrahedron\/wp-json\/wp\/v2\/pages\/862\/revisions\/2441"}],"wp:attachment":[{"href":"https:\/\/palotina.ufpr.br\/tetrahedron\/wp-json\/wp\/v2\/media?parent=862"}],"curies":[{"name":"wp","href":"https:\/\/api.w.org\/{rel}","templated":true}]}}