{"id":873,"date":"2021-01-05T13:26:40","date_gmt":"2021-01-05T13:26:40","guid":{"rendered":"https:\/\/palotina.ufpr.br\/tetrahedron\/?page_id=873"},"modified":"2025-03-20T18:11:32","modified_gmt":"2025-03-20T18:11:32","slug":"quimica-computacional","status":"publish","type":"page","link":"https:\/\/palotina.ufpr.br\/tetrahedron\/quimica-computacional\/","title":{"rendered":"Resson\u00e2ncia Magn\u00e9tica Nuclear"},"content":{"rendered":"<h2><\/h2>\n<p><img decoding=\"async\" class=\"alignnone size-medium wp-image-874\" src=\"https:\/\/palotina.ufpr.br\/tetrahedron\/wp-content\/uploads\/sites\/14\/2021\/01\/computational-chemistry-300x150.jpg\" alt=\"computational-chemistry\" width=\"300\" height=\"150\" srcset=\"https:\/\/palotina.ufpr.br\/tetrahedron\/wp-content\/uploads\/sites\/14\/2021\/01\/computational-chemistry-300x150.jpg 300w, https:\/\/palotina.ufpr.br\/tetrahedron\/wp-content\/uploads\/sites\/14\/2021\/01\/computational-chemistry-418x209.jpg 418w, https:\/\/palotina.ufpr.br\/tetrahedron\/wp-content\/uploads\/sites\/14\/2021\/01\/computational-chemistry.jpg 440w\" sizes=\"(max-width: 300px) 100vw, 300px\" \/><\/p>\n<h4>Empregamos m\u00e9todos qu\u00e2nticos e cl\u00e1ssicos para o estudo de sistemas moleculares. Basicamente fazemos c\u00e1lculos de propriedades eletr\u00f4nicas, estruturais e espectrosc\u00f3picas de mol\u00e9culas. Geralmente realizamos simula\u00e7\u00f5es de espectros de Resson\u00e2ncia Magn\u00e9tica Nuclear de 1H, 13C (e outros n\u00facleos) para fins de revis\u00e3o estrutural e confirma\u00e7\u00e3o de estereoqu\u00edmica.<\/h4>\n","protected":false},"excerpt":{"rendered":"<p>Empregamos m\u00e9todos qu\u00e2nticos e cl\u00e1ssicos para o estudo de sistemas moleculares. Basicamente fazemos c\u00e1lculos de propriedades eletr\u00f4nicas, estruturais e espectrosc\u00f3picas de mol\u00e9culas. Geralmente realizamos simula\u00e7\u00f5es de espectros de Resson\u00e2ncia Magn\u00e9tica Nuclear de 1H, 13C (e outros n\u00facleos) para fins de revis\u00e3o estrutural e confirma\u00e7\u00e3o de estereoqu\u00edmica.<\/p>\n","protected":false},"author":1412,"featured_media":0,"parent":0,"menu_order":0,"comment_status":"closed","ping_status":"closed","template":"","meta":{"_acf_changed":false,"footnotes":""},"class_list":["post-873","page","type-page","status-publish","hentry","nodate","item-wrap"],"acf":[],"_links":{"self":[{"href":"https:\/\/palotina.ufpr.br\/tetrahedron\/wp-json\/wp\/v2\/pages\/873","targetHints":{"allow":["GET"]}}],"collection":[{"href":"https:\/\/palotina.ufpr.br\/tetrahedron\/wp-json\/wp\/v2\/pages"}],"about":[{"href":"https:\/\/palotina.ufpr.br\/tetrahedron\/wp-json\/wp\/v2\/types\/page"}],"author":[{"embeddable":true,"href":"https:\/\/palotina.ufpr.br\/tetrahedron\/wp-json\/wp\/v2\/users\/1412"}],"replies":[{"embeddable":true,"href":"https:\/\/palotina.ufpr.br\/tetrahedron\/wp-json\/wp\/v2\/comments?post=873"}],"version-history":[{"count":4,"href":"https:\/\/palotina.ufpr.br\/tetrahedron\/wp-json\/wp\/v2\/pages\/873\/revisions"}],"predecessor-version":[{"id":2445,"href":"https:\/\/palotina.ufpr.br\/tetrahedron\/wp-json\/wp\/v2\/pages\/873\/revisions\/2445"}],"wp:attachment":[{"href":"https:\/\/palotina.ufpr.br\/tetrahedron\/wp-json\/wp\/v2\/media?parent=873"}],"curies":[{"name":"wp","href":"https:\/\/api.w.org\/{rel}","templated":true}]}}